{"id":1001,"date":"2022-09-09T07:31:32","date_gmt":"2022-09-09T07:31:32","guid":{"rendered":"https:\/\/new.bjc.ro\/?page_id=1001"},"modified":"2025-11-18T11:54:06","modified_gmt":"2025-11-18T09:54:06","slug":"partenerii-bibliotecii","status":"publish","type":"page","link":"https:\/\/new.bjc.ro\/?page_id=1001","title":{"rendered":"Parteneri"},"content":{"rendered":"\n<section id=\"ce5932\" class=\"section-ce5932 gutentor-module gutentor-module-tabs gutentor-tabs-layout-horizontal gutentor-tabs-pos-top\"><div class=\"grid-container\"><div class=\"gutentor-module-tabs-wrap gutentor-tabs-style-fill\" data-id=\"ce5932\"><div class=\"gutentor-module-tabs-nav\"><span class=\"gutentor-module-tabs-item gm-tt-ce5932 gutentor-tabs-nav-active\"><span class=\"gutentor-module-tabs-title\">Parteneri na\u021bionali<\/span><\/span><span class=\"gutentor-module-tabs-item gm-tt-ce5932\"><span class=\"gutentor-module-tabs-title\">Parteneri interna\u021bionali<\/span><\/span><\/div><div class=\"gutentor-module-tabs-body\">\n<div class=\"wp-block-gutentor-m7-tab gutentor-module-tabs-content gm-tc-ce5932 gutentor-tabs-content-active\">\n<p><a href=\"http:\/\/www.osim.ro\/\" target=\"_blank\" rel=\"noreferrer noopener\">Oficiul de Stat pentru Inven\u0163ii \u015fi M\u0103rci<\/a> &#8211; OSIM, Bucure\u015fti &nbsp;<\/p>\n\n\n\n<p><a href=\"http:\/\/lett.ubbcluj.ro\/\" target=\"_blank\" rel=\"noreferrer noopener\">Facultatea de Litere<\/a>, Cluj-Napoca&nbsp;<\/p>\n\n\n\n<p><a href=\"http:\/\/www.art-image.ro\/\">Asocia\u0163ia Art Image<\/a>, Cluj-Napoca<\/p>\n\n\n\n<p><a href=\"http:\/\/www.mnit.ro\/\">Muzeul Na\u0163ional de Istorie a Transilvaniei<\/a>, Cluj-Napoca<\/p>\n\n\n\n<p><a href=\"https:\/\/www.bjc.ro\/new\/images\/gallery\/parteneri\/universitaria%202012.jpg\">Expo Transilvania<\/a>, Cluj-Napoca<\/p>\n\n\n\n<p><a href=\"http:\/\/traditiiclujene.ro\/\">Centrul Judetean pentru Conservarea si Promovarea Culturii Traditionale Cluj<\/a><\/p>\n\n\n\n<p><a href=\"http:\/\/teatrulpuck.ro\/\">Teatrul De P\u0103pu\u015fi Puck<\/a><\/p>\n\n\n\n<p><a href=\"http:\/\/www.provobis.ro\/\">Centrul Na\u021bional de Resurse pentru Voluntariat \u201ePro Vobis&#8221;<\/a> &nbsp;<\/p>\n\n\n\n<p><a href=\"http:\/\/www.radiocluj.ro\/\">Radio Cluj<\/a><\/p>\n\n\n\n<p><a href=\"https:\/\/www.kidsgotech.org\/\">Asocia\u021bia Kids Go Tech<\/a> &nbsp;<\/p>\n\n\n\n<p><a href=\"https:\/\/dgaspc-cluj.ro\/\">Direc\u021bia General\u0103 de Asisten\u021b\u0103 Social\u0103 \u0219i Protec\u021bia Copilului Cluj<\/a>&nbsp;<\/p>\n\n\n\n<p><a href=\"https:\/\/fundatia.ubbcluj.ro\/\">Funda\u021bia \u201eAlma Mater Napocensis&#8221; a Universit\u0103\u021bii \u201eBabe\u0219-Bolyai&#8221;<\/a> &nbsp;<\/p>\n\n\n\n<p><a href=\"https:\/\/instytutpolski.pl\/bucuresti\/\">Institutul Polonez din Bucure\u0219ti<\/a> &nbsp;<\/p>\n\n\n\n<p><a href=\"http:\/\/www.playfullearning.ro\/\">Playful Learning<\/a><\/p>\n\n\n\n<p><a href=\"http:\/\/www.jucariieducationale.ro\/\">Juc\u0103rii educa\u021bionale<\/a> &nbsp;<\/p>\n\n\n\n<p>NoteMari.ro&nbsp;, Cluj-Napoca<\/p>\n\n\n\n<p><a href=\"http:\/\/welcome2cluj.com\/\">welcome2cluj.com<\/a>&nbsp;<\/p>\n\n\n\n<p>Lecturi urbane \u00e0 la Cluj &nbsp; Ora\u015ful cite\u015fte!<\/p>\n\n\n\n<p><a href=\"http:\/\/www.orasulcopiilor.ro\/index.php\">Ora\u015ful copiilor<\/a><\/p>\n\n\n\n<p>Proiectul de educa\u0163ie&nbsp;<a href=\"http:\/\/www.tiff.ro\/ce-este-educatiff\/21?tag=educatiff\">EducaTIFF<\/a><\/p>\n\n\n\n<p><a href=\"https:\/\/www.umpcultura.ro\/proiecte-in-implementare_doc_883_e-cultura-biblioteca-digitala-a-romaniei_pg_0.htm\">Unitatea de Management a Proiectului<\/a> (<em>UMP<\/em>) din cadrul <em>Ministerului Culturii<\/em> <\/p>\n\n\n\n<p>BJC@TWINKL<\/p>\n\n\n\n<p>Biblioteca Jude\u021bean\u0103 &#8222;Octavian Goga&#8221; Cluj a fost inclus\u0103 \u00een blogul editurii interna\u021bionale <a href=\"https:\/\/www.twinkl.ro\/\">Twinkl <\/a> ce cuprinde o&nbsp;<a href=\"https:\/\/www.twinkl.ro\/blog\/locuri-de-vizitat-in-romania\">list\u0103 de locuri de vizitat \u00een Rom\u00e2nia<\/a>, surse de inspira\u021bie pentru zilele libere petrecute \u00een familie, recomandate de p\u0103rin\u021bi, profesori \u0219i speciali\u0219ti din toate zonele \u021b\u0103rii.<\/p>\n\n\n\n<div class=\"wp-block-media-text is-stacked-on-mobile\" style=\"grid-template-columns:15% auto\"><figure class=\"wp-block-media-text__media\"><a href=\"https:\/\/asigurare.infocons.ro\/\"><img loading=\"lazy\" decoding=\"async\" width=\"200\" height=\"76\" src=\"https:\/\/new.bjc.ro\/wp-content\/uploads\/2025\/11\/Banner-InfoCOns-Te-asigura-200x76-2.jpg\" alt=\"\" class=\"wp-image-11342 size-full\" \/><\/a><\/figure><div class=\"wp-block-media-text__content\">\n<p class=\"has-text-align-left\">InfoCons\u00a0\u2013\u00a0Te\u00a0Asigur\u0103!<\/p>\n<\/div><\/div>\n<\/div>\n\n\n\n<div class=\"wp-block-gutentor-m7-tab gutentor-module-tabs-content gm-tc-ce5932\">\n<p><a href=\"http:\/\/old.hasdeu.md\/transilvania\/\">Biblioteca &#8222;Transilvania&#8221;<\/a> , Chi\u015fin\u0103u, Republica Moldova<\/p>\n\n\n\n<p><a href=\"http:\/\/www.wipo.int\/portal\/index.html.en\">WIPO -World Intellectual Property Organization<\/a>\/Organiza\u0163ia Mondial\u0103 a Propriet\u0103\u0163ii Intelectuale (OMPI)<\/p>\n\n\n\n<p><a href=\"http:\/\/www.europeana.eu\">Biblioteca Digital\u0103 Europeana<\/a><\/p>\n<\/div>\n<\/div><\/div><\/div><\/section>\n\n\n\n<p>V\u0103 a\u0219tept\u0103m s\u0103 (re)descoperi\u021bi biblioteca!<\/p>\n","protected":false},"excerpt":{"rendered":"<p>V\u0103 a\u0219tept\u0103m s\u0103 (re)descoperi\u021bi biblioteca!<\/p>\n","protected":false},"author":1,"featured_media":0,"parent":0,"menu_order":0,"comment_status":"closed","ping_status":"closed","template":"","meta":{"_monsterinsights_skip_tracking":false,"_monsterinsights_sitenote_active":false,"_monsterinsights_sitenote_note":"","_monsterinsights_sitenote_category":0,"_EventAllDay":false,"_EventTimezone":"","_EventStartDate":"","_EventEndDate":"","_EventStartDateUTC":"","_EventEndDateUTC":"","_EventShowMap":false,"_EventShowMapLink":false,"_EventURL":"","_EventCost":"","_EventCostDescription":"","_EventCurrencySymbol":"","_EventCurrencyCode":"","_EventCurrencyPosition":"","_EventDateTimeSeparator":"","_EventTimeRangeSeparator":"","_EventOrganizerID":[],"_EventVenueID":[],"_OrganizerEmail":"","_OrganizerPhone":"","_OrganizerWebsite":"","_VenueAddress":"","_VenueCity":"","_VenueCountry":"","_VenueProvince":"","_VenueState":"","_VenueZip":"","_VenuePhone":"","_VenueURL":"","_VenueStateProvince":"","_VenueLat":"","_VenueLng":"","_VenueShowMap":false,"_VenueShowMapLink":false,"footnotes":""},"class_list":["post-1001","page","type-page","status-publish","hentry"],"yoast_head":"<!-- This site is optimized with the Yoast SEO plugin v24.6 - https:\/\/yoast.com\/wordpress\/plugins\/seo\/ -->\n<title>Parteneri - Biblioteca Jude\u021bean\u0103 \u201eOctavian Goga\u201d Cluj<\/title>\n<meta name=\"description\" content=\"Partenerii na\u021bionali \u0219i interna\u021bionali\" \/>\n<meta name=\"robots\" content=\"index, follow, max-snippet:-1, max-image-preview:large, max-video-preview:-1\" \/>\n<link rel=\"canonical\" href=\"https:\/\/new.bjc.ro\/?page_id=1001\" \/>\n<meta property=\"og:locale\" content=\"ro_RO\" \/>\n<meta property=\"og:type\" content=\"article\" \/>\n<meta property=\"og:title\" content=\"Parteneri - Biblioteca Jude\u021bean\u0103 \u201eOctavian Goga\u201d Cluj\" \/>\n<meta property=\"og:description\" content=\"Partenerii na\u021bionali \u0219i interna\u021bionali\" \/>\n<meta property=\"og:url\" content=\"https:\/\/new.bjc.ro\/?page_id=1001\" \/>\n<meta property=\"og:site_name\" content=\"Biblioteca Jude\u021bean\u0103 \u201eOctavian Goga\u201d Cluj\" \/>\n<meta property=\"article:publisher\" content=\"https:\/\/www.facebook.com\/bibliotecacluj\/\" \/>\n<meta property=\"article:modified_time\" content=\"2025-11-18T09:54:06+00:00\" \/>\n<meta property=\"og:image\" content=\"https:\/\/new.bjc.ro\/wp-content\/uploads\/2025\/11\/Banner-InfoCOns-Te-asigura-200x76-2.jpg\" \/>\n\t<meta property=\"og:image:width\" content=\"200\" \/>\n\t<meta property=\"og:image:height\" content=\"76\" \/>\n\t<meta property=\"og:image:type\" content=\"image\/jpeg\" \/>\n<meta name=\"twitter:card\" content=\"summary_large_image\" \/>\n<meta name=\"twitter:site\" content=\"@BibliotecaGoga\" \/>\n<meta name=\"twitter:label1\" content=\"Timp estimat pentru citire\" \/>\n\t<meta name=\"twitter:data1\" content=\"2 minute\" \/>\n<script type=\"application\/ld+json\" class=\"yoast-schema-graph\">{\"@context\":\"https:\/\/schema.org\",\"@graph\":[{\"@type\":\"WebPage\",\"@id\":\"https:\/\/new.bjc.ro\/?page_id=1001\",\"url\":\"https:\/\/new.bjc.ro\/?page_id=1001\",\"name\":\"Parteneri - Biblioteca Jude\u021bean\u0103 \u201eOctavian Goga\u201d Cluj\",\"isPartOf\":{\"@id\":\"https:\/\/new.bjc.ro\/#website\"},\"primaryImageOfPage\":{\"@id\":\"https:\/\/new.bjc.ro\/?page_id=1001#primaryimage\"},\"image\":{\"@id\":\"https:\/\/new.bjc.ro\/?page_id=1001#primaryimage\"},\"thumbnailUrl\":\"https:\/\/new.bjc.ro\/wp-content\/uploads\/2025\/11\/Banner-InfoCOns-Te-asigura-200x76-2.jpg\",\"datePublished\":\"2022-09-09T07:31:32+00:00\",\"dateModified\":\"2025-11-18T09:54:06+00:00\",\"description\":\"Partenerii na\u021bionali \u0219i interna\u021bionali\",\"breadcrumb\":{\"@id\":\"https:\/\/new.bjc.ro\/?page_id=1001#breadcrumb\"},\"inLanguage\":\"ro-RO\",\"potentialAction\":[{\"@type\":\"ReadAction\",\"target\":[\"https:\/\/new.bjc.ro\/?page_id=1001\"]}]},{\"@type\":\"ImageObject\",\"inLanguage\":\"ro-RO\",\"@id\":\"https:\/\/new.bjc.ro\/?page_id=1001#primaryimage\",\"url\":\"https:\/\/new.bjc.ro\/wp-content\/uploads\/2025\/11\/Banner-InfoCOns-Te-asigura-200x76-2.jpg\",\"contentUrl\":\"https:\/\/new.bjc.ro\/wp-content\/uploads\/2025\/11\/Banner-InfoCOns-Te-asigura-200x76-2.jpg\",\"width\":200,\"height\":76},{\"@type\":\"BreadcrumbList\",\"@id\":\"https:\/\/new.bjc.ro\/?page_id=1001#breadcrumb\",\"itemListElement\":[{\"@type\":\"ListItem\",\"position\":1,\"name\":\"Home\",\"item\":\"https:\/\/new.bjc.ro\/\"},{\"@type\":\"ListItem\",\"position\":2,\"name\":\"Parteneri\"}]},{\"@type\":\"WebSite\",\"@id\":\"https:\/\/new.bjc.ro\/#website\",\"url\":\"https:\/\/new.bjc.ro\/\",\"name\":\"Biblioteca Jude\u021bean\u0103 \u201eOctavian Goga\u201d Cluj\",\"description\":\"\",\"publisher\":{\"@id\":\"https:\/\/new.bjc.ro\/#organization\"},\"alternateName\":\"Biblioteca Jude\u021bean\u0103 Cluj\",\"potentialAction\":[{\"@type\":\"SearchAction\",\"target\":{\"@type\":\"EntryPoint\",\"urlTemplate\":\"https:\/\/new.bjc.ro\/?s={search_term_string}\"},\"query-input\":{\"@type\":\"PropertyValueSpecification\",\"valueRequired\":true,\"valueName\":\"search_term_string\"}}],\"inLanguage\":\"ro-RO\"},{\"@type\":\"Organization\",\"@id\":\"https:\/\/new.bjc.ro\/#organization\",\"name\":\"Biblioteca Jude\u021bean\u0103 \u201eOctavian Goga\u201d Cluj\",\"url\":\"https:\/\/new.bjc.ro\/\",\"logo\":{\"@type\":\"ImageObject\",\"inLanguage\":\"ro-RO\",\"@id\":\"https:\/\/new.bjc.ro\/#\/schema\/logo\/image\/\",\"url\":\"https:\/\/new.bjc.ro\/wp-content\/uploads\/2023\/03\/sigle.jpg\",\"contentUrl\":\"https:\/\/new.bjc.ro\/wp-content\/uploads\/2023\/03\/sigle.jpg\",\"width\":630,\"height\":473,\"caption\":\"Biblioteca Jude\u021bean\u0103 \u201eOctavian Goga\u201d Cluj\"},\"image\":{\"@id\":\"https:\/\/new.bjc.ro\/#\/schema\/logo\/image\/\"},\"sameAs\":[\"https:\/\/www.facebook.com\/bibliotecacluj\/\",\"https:\/\/x.com\/BibliotecaGoga\",\"https:\/\/www.instagram.com\/biblioteca_judeteana_cluj\/\",\"https:\/\/www.youtube.com\/user\/BibliotecaGoga\"]}]}<\/script>\n<!-- \/ Yoast SEO plugin. -->","yoast_head_json":{"title":"Parteneri - Biblioteca Jude\u021bean\u0103 \u201eOctavian Goga\u201d Cluj","description":"Partenerii na\u021bionali \u0219i interna\u021bionali","robots":{"index":"index","follow":"follow","max-snippet":"max-snippet:-1","max-image-preview":"max-image-preview:large","max-video-preview":"max-video-preview:-1"},"canonical":"https:\/\/new.bjc.ro\/?page_id=1001","og_locale":"ro_RO","og_type":"article","og_title":"Parteneri - Biblioteca Jude\u021bean\u0103 \u201eOctavian Goga\u201d Cluj","og_description":"Partenerii na\u021bionali \u0219i interna\u021bionali","og_url":"https:\/\/new.bjc.ro\/?page_id=1001","og_site_name":"Biblioteca Jude\u021bean\u0103 \u201eOctavian Goga\u201d Cluj","article_publisher":"https:\/\/www.facebook.com\/bibliotecacluj\/","article_modified_time":"2025-11-18T09:54:06+00:00","og_image":[{"width":200,"height":76,"url":"https:\/\/new.bjc.ro\/wp-content\/uploads\/2025\/11\/Banner-InfoCOns-Te-asigura-200x76-2.jpg","type":"image\/jpeg"}],"twitter_card":"summary_large_image","twitter_site":"@BibliotecaGoga","twitter_misc":{"Timp estimat pentru citire":"2 minute"},"schema":{"@context":"https:\/\/schema.org","@graph":[{"@type":"WebPage","@id":"https:\/\/new.bjc.ro\/?page_id=1001","url":"https:\/\/new.bjc.ro\/?page_id=1001","name":"Parteneri - Biblioteca Jude\u021bean\u0103 \u201eOctavian Goga\u201d Cluj","isPartOf":{"@id":"https:\/\/new.bjc.ro\/#website"},"primaryImageOfPage":{"@id":"https:\/\/new.bjc.ro\/?page_id=1001#primaryimage"},"image":{"@id":"https:\/\/new.bjc.ro\/?page_id=1001#primaryimage"},"thumbnailUrl":"https:\/\/new.bjc.ro\/wp-content\/uploads\/2025\/11\/Banner-InfoCOns-Te-asigura-200x76-2.jpg","datePublished":"2022-09-09T07:31:32+00:00","dateModified":"2025-11-18T09:54:06+00:00","description":"Partenerii na\u021bionali \u0219i interna\u021bionali","breadcrumb":{"@id":"https:\/\/new.bjc.ro\/?page_id=1001#breadcrumb"},"inLanguage":"ro-RO","potentialAction":[{"@type":"ReadAction","target":["https:\/\/new.bjc.ro\/?page_id=1001"]}]},{"@type":"ImageObject","inLanguage":"ro-RO","@id":"https:\/\/new.bjc.ro\/?page_id=1001#primaryimage","url":"https:\/\/new.bjc.ro\/wp-content\/uploads\/2025\/11\/Banner-InfoCOns-Te-asigura-200x76-2.jpg","contentUrl":"https:\/\/new.bjc.ro\/wp-content\/uploads\/2025\/11\/Banner-InfoCOns-Te-asigura-200x76-2.jpg","width":200,"height":76},{"@type":"BreadcrumbList","@id":"https:\/\/new.bjc.ro\/?page_id=1001#breadcrumb","itemListElement":[{"@type":"ListItem","position":1,"name":"Home","item":"https:\/\/new.bjc.ro\/"},{"@type":"ListItem","position":2,"name":"Parteneri"}]},{"@type":"WebSite","@id":"https:\/\/new.bjc.ro\/#website","url":"https:\/\/new.bjc.ro\/","name":"Biblioteca Jude\u021bean\u0103 \u201eOctavian Goga\u201d Cluj","description":"","publisher":{"@id":"https:\/\/new.bjc.ro\/#organization"},"alternateName":"Biblioteca Jude\u021bean\u0103 Cluj","potentialAction":[{"@type":"SearchAction","target":{"@type":"EntryPoint","urlTemplate":"https:\/\/new.bjc.ro\/?s={search_term_string}"},"query-input":{"@type":"PropertyValueSpecification","valueRequired":true,"valueName":"search_term_string"}}],"inLanguage":"ro-RO"},{"@type":"Organization","@id":"https:\/\/new.bjc.ro\/#organization","name":"Biblioteca Jude\u021bean\u0103 \u201eOctavian Goga\u201d Cluj","url":"https:\/\/new.bjc.ro\/","logo":{"@type":"ImageObject","inLanguage":"ro-RO","@id":"https:\/\/new.bjc.ro\/#\/schema\/logo\/image\/","url":"https:\/\/new.bjc.ro\/wp-content\/uploads\/2023\/03\/sigle.jpg","contentUrl":"https:\/\/new.bjc.ro\/wp-content\/uploads\/2023\/03\/sigle.jpg","width":630,"height":473,"caption":"Biblioteca Jude\u021bean\u0103 \u201eOctavian Goga\u201d Cluj"},"image":{"@id":"https:\/\/new.bjc.ro\/#\/schema\/logo\/image\/"},"sameAs":["https:\/\/www.facebook.com\/bibliotecacluj\/","https:\/\/x.com\/BibliotecaGoga","https:\/\/www.instagram.com\/biblioteca_judeteana_cluj\/","https:\/\/www.youtube.com\/user\/BibliotecaGoga"]}]}},"_links":{"self":[{"href":"https:\/\/new.bjc.ro\/index.php?rest_route=\/wp\/v2\/pages\/1001","targetHints":{"allow":["GET"]}}],"collection":[{"href":"https:\/\/new.bjc.ro\/index.php?rest_route=\/wp\/v2\/pages"}],"about":[{"href":"https:\/\/new.bjc.ro\/index.php?rest_route=\/wp\/v2\/types\/page"}],"author":[{"embeddable":true,"href":"https:\/\/new.bjc.ro\/index.php?rest_route=\/wp\/v2\/users\/1"}],"replies":[{"embeddable":true,"href":"https:\/\/new.bjc.ro\/index.php?rest_route=%2Fwp%2Fv2%2Fcomments&post=1001"}],"version-history":[{"count":35,"href":"https:\/\/new.bjc.ro\/index.php?rest_route=\/wp\/v2\/pages\/1001\/revisions"}],"predecessor-version":[{"id":11353,"href":"https:\/\/new.bjc.ro\/index.php?rest_route=\/wp\/v2\/pages\/1001\/revisions\/11353"}],"wp:attachment":[{"href":"https:\/\/new.bjc.ro\/index.php?rest_route=%2Fwp%2Fv2%2Fmedia&parent=1001"}],"curies":[{"name":"wp","href":"https:\/\/api.w.org\/{rel}","templated":true}]}}