{"id":228,"date":"2022-08-09T10:12:39","date_gmt":"2022-08-09T07:12:39","guid":{"rendered":"https:\/\/new.bjc.ro\/?page_id=228"},"modified":"2023-01-18T10:25:03","modified_gmt":"2023-01-18T08:25:03","slug":"formular-intreaba-bibliotecarul","status":"publish","type":"page","link":"https:\/\/new.bjc.ro\/?page_id=228","title":{"rendered":"\u00centreab\u0103 bibliotecarul &#8211; Formularul de acces"},"content":{"rendered":"\n<p><strong>Formular de acces<\/strong><\/p>\n\n\n\n<p>*Asteriscul indic\u0103 informa\u021biile obligatorii<\/p>\n\n\n<div class=\"wpforms-container wpforms-container-full wpforms-block\" id=\"wpforms-1163\"><form id=\"wpforms-form-1163\" class=\"wpforms-validate wpforms-form wpforms-ajax-form\" data-formid=\"1163\" method=\"post\" enctype=\"multipart\/form-data\" action=\"\/index.php?rest_route=%2Fwp%2Fv2%2Fpages%2F228\" data-token=\"544fda52a073f6faea8739c3c6cbec94\" data-token-time=\"1776293014\"><noscript class=\"wpforms-error-noscript\">Please enable JavaScript in your browser to complete this form.<\/noscript><div class=\"wpforms-field-container\"><div id=\"wpforms-1163-field_10-container\" class=\"wpforms-field wpforms-field-text\" data-field-id=\"10\"><label class=\"wpforms-field-label\" for=\"wpforms-1163-field_10\">Nume:  <span class=\"wpforms-required-label\">*<\/span><\/label><input type=\"text\" id=\"wpforms-1163-field_10\" class=\"wpforms-field-medium wpforms-field-required\" name=\"wpforms[fields][10]\" required><\/div><div id=\"wpforms-1163-field_9-container\" class=\"wpforms-field wpforms-field-text\" data-field-id=\"9\"><label class=\"wpforms-field-label\" for=\"wpforms-1163-field_9\">Prenume:  <span class=\"wpforms-required-label\">*<\/span><\/label><input type=\"text\" id=\"wpforms-1163-field_9\" class=\"wpforms-field-medium wpforms-field-required\" name=\"wpforms[fields][9]\" required><\/div><div id=\"wpforms-1163-field_11-container\" class=\"wpforms-field wpforms-field-text\" data-field-id=\"11\"><label class=\"wpforms-field-label\" for=\"wpforms-1163-field_11\">Num\u0103r permis (pentru utilizatorii \u00eenscri\u0219i): <\/label><input type=\"text\" id=\"wpforms-1163-field_11\" class=\"wpforms-field-medium\" name=\"wpforms[fields][11]\" ><\/div><div id=\"wpforms-1163-field_38-container\" class=\"wpforms-field wpforms-field-text\" data-field-id=\"38\"><label class=\"wpforms-field-label\" for=\"wpforms-1163-field_38\">Telefon:<\/label><input type=\"text\" id=\"wpforms-1163-field_38\" class=\"wpforms-field-medium\" name=\"wpforms[fields][38]\" ><div class=\"wpforms-field-description\">Introduce\u0163i num\u0103rul dumneavoastr\u0103 de telefon, \u00een eventualitatea \u00een care dori\u0163i s\u0103 fi\u0163i contactat \u015fi pe aceast\u0103 cale. <\/div><\/div><div id=\"wpforms-1163-field_25-container\" class=\"wpforms-field wpforms-field-email\" data-field-id=\"25\"><label class=\"wpforms-field-label\" for=\"wpforms-1163-field_25\">Email <span class=\"wpforms-required-label\">*<\/span><\/label><input type=\"email\" id=\"wpforms-1163-field_25\" class=\"wpforms-field-medium wpforms-field-required\" name=\"wpforms[fields][25]\" spellcheck=\"false\" required><\/div><div id=\"wpforms-1163-field_24-container\" class=\"wpforms-field wpforms-field-select wpforms-field-select-style-classic\" data-field-id=\"24\"><label class=\"wpforms-field-label\" for=\"wpforms-1163-field_24\">Nivelul de preg\u0103tire:<\/label><select id=\"wpforms-1163-field_24\" class=\"wpforms-field-medium\" name=\"wpforms[fields][24]\"><option value=\"gimnaziu\" >gimnaziu<\/option><option value=\"liceu\" >liceu<\/option><option value=\"\u0219coal\u0103 tehnic\u0103\" >\u0219coal\u0103 tehnic\u0103<\/option><option value=\"studii superioare\" >studii superioare<\/option><option value=\"studii post-universitare\" >studii post-universitare<\/option><option value=\"doctorat\" >doctorat<\/option><\/select><\/div><div id=\"wpforms-1163-field_39-container\" class=\"wpforms-field wpforms-field-select wpforms-field-select-style-classic\" data-field-id=\"39\"><label class=\"wpforms-field-label\" for=\"wpforms-1163-field_39\">Statut ocupa\u0163ional \/ Profesie:  <span class=\"wpforms-required-label\">*<\/span><\/label><select id=\"wpforms-1163-field_39\" class=\"wpforms-field-medium wpforms-field-required\" name=\"wpforms[fields][39]\" required=\"required\"><option value=\"Elevi\" >Elevi<\/option><option value=\"Studen\u021bi\" >Studen\u021bi<\/option><option value=\"Profesii intelectuale\" >Profesii intelectuale<\/option><option value=\"Mai\u0219tri, tehnicieni\" >Mai\u0219tri, tehnicieni<\/option><option value=\"Func\u021bionari\" >Func\u021bionari<\/option><option value=\"Muncitori\" >Muncitori<\/option><option value=\"\u0218omeri\" >\u0218omeri<\/option><option value=\"Pensionari\" >Pensionari<\/option><option value=\"Casnice\" >Casnice<\/option><option value=\"Alte categorii\" >Alte categorii<\/option><\/select><\/div><div id=\"wpforms-1163-field_28-container\" class=\"wpforms-field wpforms-field-text\" data-field-id=\"28\"><label class=\"wpforms-field-label\" for=\"wpforms-1163-field_28\">Institu\u021bie: <span class=\"wpforms-required-label\">*<\/span><\/label><input type=\"text\" id=\"wpforms-1163-field_28\" class=\"wpforms-field-medium wpforms-field-required\" name=\"wpforms[fields][28]\" required><\/div><div id=\"wpforms-1163-field_16-container\" class=\"wpforms-field wpforms-field-text\" data-field-id=\"16\"><label class=\"wpforms-field-label\" for=\"wpforms-1163-field_16\">Localitate: <\/label><input type=\"text\" id=\"wpforms-1163-field_16\" class=\"wpforms-field-medium\" name=\"wpforms[fields][16]\" ><div class=\"wpforms-field-description\">Este necesar s\u0103 \u015ftim localitatea \u00een care v\u0103 afla\u0163i, pentru a v\u0103 putea direc\u0163iona, eventual, c\u0103tre cea mai apropiat\u0103 bibliotec\u0103.<\/div><\/div><div id=\"wpforms-1163-field_30-container\" class=\"wpforms-field wpforms-field-select wpforms-field-select-style-classic\" data-field-id=\"30\"><label class=\"wpforms-field-label\" for=\"wpforms-1163-field_30\">Domeniul cererii:  <span class=\"wpforms-required-label\">*<\/span><\/label><select id=\"wpforms-1163-field_30\" class=\"wpforms-field-medium wpforms-field-required\" name=\"wpforms[fields][30]\" required=\"required\"><option value=\"Administra\u021bie public\u0103\" >Administra\u021bie public\u0103<\/option><option value=\"Art\u0103 \/ Sport\" >Art\u0103 \/ Sport<\/option><option value=\"Biologie \/ Medicin\u0103\" >Biologie \/ Medicin\u0103<\/option><option value=\"Drept \/ Legisla\u021bie\" >Drept \/ Legisla\u021bie<\/option><option value=\"Economie\" >Economie<\/option><option value=\"Educa\u021bie\" >Educa\u021bie<\/option><option value=\"Filosofie\" >Filosofie<\/option><option value=\"Geografie\" >Geografie<\/option><option value=\"Inginerie \/ Tehnic\u0103\" >Inginerie \/ Tehnic\u0103<\/option><option value=\"Istorie\" >Istorie<\/option><option value=\"Lingvistic\u0103 \/ Literatur\u0103\" >Lingvistic\u0103 \/ Literatur\u0103<\/option><option value=\"Religie \/ Teologie\" >Religie \/ Teologie<\/option><option value=\"\u0218tiin\u021be exacte\" >\u0218tiin\u021be exacte<\/option><option value=\"\u0218tiin\u021be sociale\" >\u0218tiin\u021be sociale<\/option><option value=\"Altul\" >Altul<\/option><\/select><div class=\"wpforms-field-description\">Este necesar s\u0103 cunoa\u015ftem contextul \u015fi scopul solicit\u0103rii dumneavoastr\u0103 de informa\u0163ii, pentru a v\u0103 putea furniza un r\u0103spuns adecvat.<\/div><\/div><div id=\"wpforms-1163-field_32-container\" class=\"wpforms-field wpforms-field-select wpforms-field-select-style-classic\" data-field-id=\"32\"><label class=\"wpforms-field-label\" for=\"wpforms-1163-field_32\">Scopul \u00eentreb\u0103rii:  <span class=\"wpforms-required-label\">*<\/span><\/label><select id=\"wpforms-1163-field_32\" class=\"wpforms-field-medium wpforms-field-required\" name=\"wpforms[fields][32]\" required=\"required\"><option value=\"Interes general\" >Interes general<\/option><option value=\"Referat \u0219coal\u0103 \/ facultate\" >Referat \u0219coal\u0103 \/ facultate<\/option><option value=\"Diserta\u021bie academic\u0103\" >Diserta\u021bie academic\u0103<\/option><option value=\"Articol \/ studiu\" >Articol \/ studiu<\/option><option value=\"Raport de serviciu\" >Raport de serviciu<\/option><option value=\"Altul\" >Altul<\/option><\/select><\/div><div id=\"wpforms-1163-field_33-container\" class=\"wpforms-field wpforms-field-textarea\" data-field-id=\"33\"><label class=\"wpforms-field-label\" for=\"wpforms-1163-field_33\">\u00centrebarea \/ solicitarea Dumneavoastr\u0103:  <span class=\"wpforms-required-label\">*<\/span><\/label><textarea id=\"wpforms-1163-field_33\" class=\"wpforms-field-medium wpforms-field-required\" name=\"wpforms[fields][33]\" required><\/textarea><div class=\"wpforms-field-description\">Cererea dumneavoastr\u0103 va fi analizat\u0103 de c\u0103tre un bibliotecar, nu de c\u0103tre un calculator; a\u015fadar, folosi\u0163i propozi\u0163ii complete \u015fi spune\u0163i-ne, eventual, \u015fi ce \u015fti\u0163i deja despre subiectul care v\u0103 intereseaz\u0103. Cu c\u00e2t ne ve\u0163i furniza mai multe informa\u0163ii, cu at\u00e2t r\u0103spunsul pe care-l ve\u0163i primi va fi mai adecvat cererii dumneavoastr\u0103.<\/div><\/div><div id=\"wpforms-1163-field_36-container\" class=\"wpforms-field wpforms-field-select wpforms-field-select-style-classic\" data-field-id=\"36\"><label class=\"wpforms-field-label\" for=\"wpforms-1163-field_36\">Tipul de r\u0103spuns preferat: <span class=\"wpforms-required-label\">*<\/span><\/label><select id=\"wpforms-1163-field_36\" class=\"wpforms-field-medium wpforms-field-required\" name=\"wpforms[fields][36]\" required=\"required\"><option value=\"R\u0103spuns scurt, punctual\" >R\u0103spuns scurt, punctual<\/option><option value=\"Surse indicate - de pe Internet\" >Surse indicate &#8211; de pe Internet<\/option><option value=\"Surse indicate - tip\u0103rite\" >Surse indicate &#8211; tip\u0103rite<\/option><option value=\"Surse indicate - toate categoriile\" >Surse indicate &#8211; toate categoriile<\/option><\/select><div class=\"wpforms-field-description\">Uneori, informa\u0163iile solicitate nu sunt disponibile pe Internet, dar este posibil s\u0103 le g\u0103si\u0163i \u00eentr-o bibliotec\u0103 situat\u0103 \u00een apropierea dumneavoastr\u0103, c\u0103tre care v\u0103 putem direc\u0163iona.<\/div><\/div><div id=\"wpforms-1163-field_37-container\" class=\"wpforms-field wpforms-field-textarea\" data-field-id=\"37\"><label class=\"wpforms-field-label\" for=\"wpforms-1163-field_37\">Surse consultate: <span class=\"wpforms-required-label\">*<\/span><\/label><textarea id=\"wpforms-1163-field_37\" class=\"wpforms-field-medium wpforms-field-required\" name=\"wpforms[fields][37]\" required><\/textarea><div class=\"wpforms-field-description\">Men\u0163iona\u0163i, dac\u0103 este cazul, sursa sau sursele deja consultate de dumneavoastr\u0103 pentru a afla informa\u0163iile care v\u0103 sunt necesare. Ne este util s\u0103 \u015ftim acest lucru, pentru a nu repeta efortul dumneavoastr\u0103 \u015fi pentru a nu exista riscul s\u0103 v\u0103 recomand\u0103m o surs\u0103 pe care a\u0163i consultat-o deja.<\/div><\/div><\/div><!-- .wpforms-field-container --><div class=\"wpforms-submit-container\" ><input type=\"hidden\" name=\"wpforms[id]\" value=\"1163\"><input type=\"hidden\" name=\"page_title\" value=\"\"><input type=\"hidden\" name=\"page_url\" value=\"https:\/\/new.bjc.ro\/index.php?rest_route=\/wp\/v2\/pages\/228\"><input type=\"hidden\" name=\"url_referer\" value=\"\"><button type=\"submit\" name=\"wpforms[submit]\" id=\"wpforms-submit-1163\" class=\"wpforms-submit\" data-alt-text=\"Sending...\" data-submit-text=\"Trimite\" aria-live=\"assertive\" value=\"wpforms-submit\">Trimite<\/button><img loading=\"lazy\" decoding=\"async\" src=\"https:\/\/new.bjc.ro\/wp-content\/plugins\/wpforms-lite\/assets\/images\/submit-spin.svg\" class=\"wpforms-submit-spinner\" style=\"display: none;\" width=\"26\" height=\"26\" alt=\"Loading\"><\/div><\/form><\/div>  <!-- .wpforms-container -->\n\n\n<p>V\u0103 mul\u021bumim c\u0103 apela\u021bi la serviciile noastre.<\/p>\n","protected":false},"excerpt":{"rendered":"<p>Formular de acces *Asteriscul indic\u0103 informa\u021biile obligatorii V\u0103 mul\u021bumim c\u0103 apela\u021bi la serviciile noastre.<\/p>\n","protected":false},"author":1,"featured_media":0,"parent":0,"menu_order":0,"comment_status":"closed","ping_status":"closed","template":"","meta":{"_monsterinsights_skip_tracking":false,"_monsterinsights_sitenote_active":false,"_monsterinsights_sitenote_note":"","_monsterinsights_sitenote_category":0,"_EventAllDay":false,"_EventTimezone":"","_EventStartDate":"","_EventEndDate":"","_EventStartDateUTC":"","_EventEndDateUTC":"","_EventShowMap":false,"_EventShowMapLink":false,"_EventURL":"","_EventCost":"","_EventCostDescription":"","_EventCurrencySymbol":"","_EventCurrencyCode":"","_EventCurrencyPosition":"","_EventDateTimeSeparator":"","_EventTimeRangeSeparator":"","_EventOrganizerID":[],"_EventVenueID":[],"_OrganizerEmail":"","_OrganizerPhone":"","_OrganizerWebsite":"","_VenueAddress":"","_VenueCity":"","_VenueCountry":"","_VenueProvince":"","_VenueState":"","_VenueZip":"","_VenuePhone":"","_VenueURL":"","_VenueStateProvince":"","_VenueLat":"","_VenueLng":"","_VenueShowMap":false,"_VenueShowMapLink":false,"footnotes":""},"class_list":["post-228","page","type-page","status-publish","hentry"],"yoast_head":"<!-- This site is optimized with the Yoast SEO plugin v24.6 - https:\/\/yoast.com\/wordpress\/plugins\/seo\/ -->\n<title>\u00centreab\u0103 bibliotecarul - Formularul de acces - Biblioteca Jude\u021bean\u0103 \u201eOctavian Goga\u201d Cluj<\/title>\n<meta name=\"robots\" content=\"index, follow, max-snippet:-1, max-image-preview:large, max-video-preview:-1\" \/>\n<link rel=\"canonical\" href=\"https:\/\/new.bjc.ro\/?page_id=228\" \/>\n<meta property=\"og:locale\" content=\"ro_RO\" \/>\n<meta property=\"og:type\" content=\"article\" \/>\n<meta property=\"og:title\" content=\"\u00centreab\u0103 bibliotecarul - Formularul de acces - Biblioteca Jude\u021bean\u0103 \u201eOctavian Goga\u201d Cluj\" \/>\n<meta property=\"og:description\" content=\"Formular de acces *Asteriscul indic\u0103 informa\u021biile obligatorii V\u0103 mul\u021bumim c\u0103 apela\u021bi la serviciile noastre.\" \/>\n<meta property=\"og:url\" content=\"https:\/\/new.bjc.ro\/?page_id=228\" \/>\n<meta property=\"og:site_name\" content=\"Biblioteca Jude\u021bean\u0103 \u201eOctavian Goga\u201d Cluj\" \/>\n<meta property=\"article:publisher\" content=\"https:\/\/www.facebook.com\/bibliotecacluj\/\" \/>\n<meta property=\"article:modified_time\" content=\"2023-01-18T08:25:03+00:00\" \/>\n<meta property=\"og:image\" content=\"https:\/\/new.bjc.ro\/wp-content\/uploads\/2023\/01\/IMG_5597-1.jpg\" \/>\n\t<meta property=\"og:image:width\" content=\"2000\" \/>\n\t<meta property=\"og:image:height\" content=\"1333\" \/>\n\t<meta property=\"og:image:type\" content=\"image\/jpeg\" \/>\n<meta name=\"twitter:card\" content=\"summary_large_image\" \/>\n<meta name=\"twitter:site\" content=\"@BibliotecaGoga\" \/>\n<script type=\"application\/ld+json\" class=\"yoast-schema-graph\">{\"@context\":\"https:\/\/schema.org\",\"@graph\":[{\"@type\":\"WebPage\",\"@id\":\"https:\/\/new.bjc.ro\/?page_id=228\",\"url\":\"https:\/\/new.bjc.ro\/?page_id=228\",\"name\":\"\u00centreab\u0103 bibliotecarul - Formularul de acces - Biblioteca Jude\u021bean\u0103 \u201eOctavian Goga\u201d Cluj\",\"isPartOf\":{\"@id\":\"https:\/\/new.bjc.ro\/#website\"},\"datePublished\":\"2022-08-09T07:12:39+00:00\",\"dateModified\":\"2023-01-18T08:25:03+00:00\",\"breadcrumb\":{\"@id\":\"https:\/\/new.bjc.ro\/?page_id=228#breadcrumb\"},\"inLanguage\":\"ro-RO\",\"potentialAction\":[{\"@type\":\"ReadAction\",\"target\":[\"https:\/\/new.bjc.ro\/?page_id=228\"]}]},{\"@type\":\"BreadcrumbList\",\"@id\":\"https:\/\/new.bjc.ro\/?page_id=228#breadcrumb\",\"itemListElement\":[{\"@type\":\"ListItem\",\"position\":1,\"name\":\"Home\",\"item\":\"https:\/\/new.bjc.ro\/\"},{\"@type\":\"ListItem\",\"position\":2,\"name\":\"\u00centreab\u0103 bibliotecarul &#8211; Formularul de acces\"}]},{\"@type\":\"WebSite\",\"@id\":\"https:\/\/new.bjc.ro\/#website\",\"url\":\"https:\/\/new.bjc.ro\/\",\"name\":\"Biblioteca Jude\u021bean\u0103 \u201eOctavian Goga\u201d Cluj\",\"description\":\"\",\"publisher\":{\"@id\":\"https:\/\/new.bjc.ro\/#organization\"},\"alternateName\":\"Biblioteca Jude\u021bean\u0103 Cluj\",\"potentialAction\":[{\"@type\":\"SearchAction\",\"target\":{\"@type\":\"EntryPoint\",\"urlTemplate\":\"https:\/\/new.bjc.ro\/?s={search_term_string}\"},\"query-input\":{\"@type\":\"PropertyValueSpecification\",\"valueRequired\":true,\"valueName\":\"search_term_string\"}}],\"inLanguage\":\"ro-RO\"},{\"@type\":\"Organization\",\"@id\":\"https:\/\/new.bjc.ro\/#organization\",\"name\":\"Biblioteca Jude\u021bean\u0103 \u201eOctavian Goga\u201d Cluj\",\"url\":\"https:\/\/new.bjc.ro\/\",\"logo\":{\"@type\":\"ImageObject\",\"inLanguage\":\"ro-RO\",\"@id\":\"https:\/\/new.bjc.ro\/#\/schema\/logo\/image\/\",\"url\":\"https:\/\/new.bjc.ro\/wp-content\/uploads\/2023\/03\/sigle.jpg\",\"contentUrl\":\"https:\/\/new.bjc.ro\/wp-content\/uploads\/2023\/03\/sigle.jpg\",\"width\":630,\"height\":473,\"caption\":\"Biblioteca Jude\u021bean\u0103 \u201eOctavian Goga\u201d Cluj\"},\"image\":{\"@id\":\"https:\/\/new.bjc.ro\/#\/schema\/logo\/image\/\"},\"sameAs\":[\"https:\/\/www.facebook.com\/bibliotecacluj\/\",\"https:\/\/x.com\/BibliotecaGoga\",\"https:\/\/www.instagram.com\/biblioteca_judeteana_cluj\/\",\"https:\/\/www.youtube.com\/user\/BibliotecaGoga\"]}]}<\/script>\n<!-- \/ Yoast SEO plugin. -->","yoast_head_json":{"title":"\u00centreab\u0103 bibliotecarul - Formularul de acces - Biblioteca Jude\u021bean\u0103 \u201eOctavian Goga\u201d Cluj","robots":{"index":"index","follow":"follow","max-snippet":"max-snippet:-1","max-image-preview":"max-image-preview:large","max-video-preview":"max-video-preview:-1"},"canonical":"https:\/\/new.bjc.ro\/?page_id=228","og_locale":"ro_RO","og_type":"article","og_title":"\u00centreab\u0103 bibliotecarul - Formularul de acces - Biblioteca Jude\u021bean\u0103 \u201eOctavian Goga\u201d Cluj","og_description":"Formular de acces *Asteriscul indic\u0103 informa\u021biile obligatorii V\u0103 mul\u021bumim c\u0103 apela\u021bi la serviciile noastre.","og_url":"https:\/\/new.bjc.ro\/?page_id=228","og_site_name":"Biblioteca Jude\u021bean\u0103 \u201eOctavian Goga\u201d Cluj","article_publisher":"https:\/\/www.facebook.com\/bibliotecacluj\/","article_modified_time":"2023-01-18T08:25:03+00:00","og_image":[{"width":2000,"height":1333,"url":"https:\/\/new.bjc.ro\/wp-content\/uploads\/2023\/01\/IMG_5597-1.jpg","type":"image\/jpeg"}],"twitter_card":"summary_large_image","twitter_site":"@BibliotecaGoga","schema":{"@context":"https:\/\/schema.org","@graph":[{"@type":"WebPage","@id":"https:\/\/new.bjc.ro\/?page_id=228","url":"https:\/\/new.bjc.ro\/?page_id=228","name":"\u00centreab\u0103 bibliotecarul - Formularul de acces - Biblioteca Jude\u021bean\u0103 \u201eOctavian Goga\u201d Cluj","isPartOf":{"@id":"https:\/\/new.bjc.ro\/#website"},"datePublished":"2022-08-09T07:12:39+00:00","dateModified":"2023-01-18T08:25:03+00:00","breadcrumb":{"@id":"https:\/\/new.bjc.ro\/?page_id=228#breadcrumb"},"inLanguage":"ro-RO","potentialAction":[{"@type":"ReadAction","target":["https:\/\/new.bjc.ro\/?page_id=228"]}]},{"@type":"BreadcrumbList","@id":"https:\/\/new.bjc.ro\/?page_id=228#breadcrumb","itemListElement":[{"@type":"ListItem","position":1,"name":"Home","item":"https:\/\/new.bjc.ro\/"},{"@type":"ListItem","position":2,"name":"\u00centreab\u0103 bibliotecarul &#8211; Formularul de acces"}]},{"@type":"WebSite","@id":"https:\/\/new.bjc.ro\/#website","url":"https:\/\/new.bjc.ro\/","name":"Biblioteca Jude\u021bean\u0103 \u201eOctavian Goga\u201d Cluj","description":"","publisher":{"@id":"https:\/\/new.bjc.ro\/#organization"},"alternateName":"Biblioteca Jude\u021bean\u0103 Cluj","potentialAction":[{"@type":"SearchAction","target":{"@type":"EntryPoint","urlTemplate":"https:\/\/new.bjc.ro\/?s={search_term_string}"},"query-input":{"@type":"PropertyValueSpecification","valueRequired":true,"valueName":"search_term_string"}}],"inLanguage":"ro-RO"},{"@type":"Organization","@id":"https:\/\/new.bjc.ro\/#organization","name":"Biblioteca Jude\u021bean\u0103 \u201eOctavian Goga\u201d Cluj","url":"https:\/\/new.bjc.ro\/","logo":{"@type":"ImageObject","inLanguage":"ro-RO","@id":"https:\/\/new.bjc.ro\/#\/schema\/logo\/image\/","url":"https:\/\/new.bjc.ro\/wp-content\/uploads\/2023\/03\/sigle.jpg","contentUrl":"https:\/\/new.bjc.ro\/wp-content\/uploads\/2023\/03\/sigle.jpg","width":630,"height":473,"caption":"Biblioteca Jude\u021bean\u0103 \u201eOctavian Goga\u201d Cluj"},"image":{"@id":"https:\/\/new.bjc.ro\/#\/schema\/logo\/image\/"},"sameAs":["https:\/\/www.facebook.com\/bibliotecacluj\/","https:\/\/x.com\/BibliotecaGoga","https:\/\/www.instagram.com\/biblioteca_judeteana_cluj\/","https:\/\/www.youtube.com\/user\/BibliotecaGoga"]}]}},"_links":{"self":[{"href":"https:\/\/new.bjc.ro\/index.php?rest_route=\/wp\/v2\/pages\/228","targetHints":{"allow":["GET"]}}],"collection":[{"href":"https:\/\/new.bjc.ro\/index.php?rest_route=\/wp\/v2\/pages"}],"about":[{"href":"https:\/\/new.bjc.ro\/index.php?rest_route=\/wp\/v2\/types\/page"}],"author":[{"embeddable":true,"href":"https:\/\/new.bjc.ro\/index.php?rest_route=\/wp\/v2\/users\/1"}],"replies":[{"embeddable":true,"href":"https:\/\/new.bjc.ro\/index.php?rest_route=%2Fwp%2Fv2%2Fcomments&post=228"}],"version-history":[{"count":8,"href":"https:\/\/new.bjc.ro\/index.php?rest_route=\/wp\/v2\/pages\/228\/revisions"}],"predecessor-version":[{"id":3565,"href":"https:\/\/new.bjc.ro\/index.php?rest_route=\/wp\/v2\/pages\/228\/revisions\/3565"}],"wp:attachment":[{"href":"https:\/\/new.bjc.ro\/index.php?rest_route=%2Fwp%2Fv2%2Fmedia&parent=228"}],"curies":[{"name":"wp","href":"https:\/\/api.w.org\/{rel}","templated":true}]}}