{"id":254,"date":"2022-08-09T10:34:58","date_gmt":"2022-08-09T10:34:58","guid":{"rendered":"https:\/\/new.bjc.ro\/?page_id=254"},"modified":"2026-03-31T09:09:26","modified_gmt":"2026-03-31T06:09:26","slug":"biblioteci-publice-din-judetul-cluj","status":"publish","type":"page","link":"https:\/\/new.bjc.ro\/?page_id=254","title":{"rendered":"Biblioteci publice din jude\u021bul Cluj"},"content":{"rendered":"\n<p>Conform atribu\u021biilor conferite de legea bibliotecilor, Biblioteca Jude\u0163ean\u0103 \u201cOctavian Goga\u201d Cluj prin Compartimentul Coordonare metodic\u0103 asigur\u0103 aplicarea unitar\u0103 a normelor biblioteconomice \u0219i a legisla\u021biei \u00een domeniu \u0219i coordoneaz\u0103 activitatea bibliotecilor publice din jude\u021b prin proiecte \u0219i programe, \u00eent\u00e2lniri metodice, \u00eent\u00e2lnirea anual\u0103 de analiz\u0103 a activit\u0103\u021bii \u0219i prin activit\u0103\u021bi de formare profesional\u0103 continu\u0103 pentru bibliotecarii din jude\u021b.<\/p>\n\n\n\n<p>Asisten\u0163a de specialitate este oferit\u0103 la biblioteca jude\u0163ean\u0103 sau prin vizite la bibliotecile din jude\u0163.&nbsp;<\/p>\n\n\n\n<p>Informa\u021bii despre bibliotecile publice din jude\u021bul Cluj sunt disponibile \u00een <a href=\"https:\/\/bibnat.ro\/casidro\/\">CASIDRO<\/a>.<\/p>\n\n\n\n<p>Promovarea activit\u0103\u021bilor bibliotecilor publice din jude\u021b se face pe pagina de Facebook <em><a href=\"https:\/\/www.facebook.com\/biblioteciclujene\/\">Biblioteci publice clujene<\/a><\/em><\/p>\n\n\n\n<p>Activit\u0103\u0163i profesionale&nbsp;organizate de Biblioteca Jude\u0163ean\u0103 \u201cOctavian Goga\u201d Cluj pentru bibliotecile publice din jude\u0163 \u00een anul 2025.<\/p>\n\n\n\n<p>\u00cent\u00e2lnirea profesional\u0103 anual\u0103 a bibliotecarilor din bibliotecile publice din jude\u021bul Cluj a avut loc \u00een luna martie 2025.<\/p>\n\n\n\n<p>\u00cent\u00e2lnirile \u00een centrele metodice ale jude\u021bului s-au desf\u0103\u0219urat \u00een luna octombrie sub forma unui atelier practic de prezentare a unor instrumente utile privind Inteligen\u021ba Artificial\u0103, precum \u0219i prezentarea platformei EducabHub pentru bibliotecile publice, prin care se ofer\u0103 acces mai u\u0219or la resurse \u0219i donatori, precum \u0219i la diverse oportunit\u0103\u021bi de colaborare la nivel na\u021bional \u0219i interna\u021bional.<\/p>\n\n\n\n<section id=\"section-g-jsf6s4l\" class=\"wp-block-gutentor-gallery gutentor-section gutentor-gallery gutentor-gallery-wrapper enable-masonry gallery-template1\"><div class=\"grid-container\"><div class=\"grid-row gutentor-grid-item-wrap full-width-row\"><div class=\"gutentor-gallery-item grid-lg-3 grid-md-4 grid-12\"><div class=\"gutentor-single-item gutentor-image gutentor-single-item-0\"><div class=\"gutentor-gallery-item-wrap\"><div class=\"gutentor-single-item-image-box\"><div class=\"gutentor-image-thumb\"><img loading=\"lazy\" decoding=\"async\" class=\"normal-image\" src=\"https:\/\/new.bjc.ro\/wp-content\/uploads\/2025\/12\/Cluj_16_10_2025.jpg\" alt=\"\" height=\"1536\" width=\"2048\"\/><\/div><\/div><div class=\"gutentor-single-item-content\"><div class=\"gutentor-gallery-item-header\"><a href=\"https:\/\/new.bjc.ro\/wp-content\/uploads\/2025\/12\/Cluj_16_10_2025.jpg\" class=\"image-gallery\"><i class=\"gallery-icon fas fa-search\"><\/i><\/a><\/div><div class=\"gutentor-gallery-item-desc\"><\/div><\/div><\/div><\/div><\/div><div class=\"gutentor-gallery-item grid-lg-3 grid-md-4 grid-12\"><div class=\"gutentor-single-item gutentor-image gutentor-single-item-1\"><div class=\"gutentor-gallery-item-wrap\"><div class=\"gutentor-single-item-image-box\"><div class=\"gutentor-image-thumb\"><img loading=\"lazy\" decoding=\"async\" class=\"normal-image\" src=\"https:\/\/new.bjc.ro\/wp-content\/uploads\/2025\/12\/Dej_29_10_2025-2-1.jpg\" alt=\"\" height=\"1200\" width=\"1600\"\/><\/div><\/div><div class=\"gutentor-single-item-content\"><div class=\"gutentor-gallery-item-header\"><a href=\"https:\/\/new.bjc.ro\/wp-content\/uploads\/2025\/12\/Dej_29_10_2025-2-1.jpg\" class=\"image-gallery\"><i class=\"gallery-icon fas fa-search\"><\/i><\/a><\/div><div class=\"gutentor-gallery-item-desc\"><\/div><\/div><\/div><\/div><\/div><div class=\"gutentor-gallery-item grid-lg-3 grid-md-4 grid-12\"><div class=\"gutentor-single-item gutentor-image gutentor-single-item-2\"><div class=\"gutentor-gallery-item-wrap\"><div class=\"gutentor-single-item-image-box\"><div class=\"gutentor-image-thumb\"><img loading=\"lazy\" decoding=\"async\" class=\"normal-image\" src=\"https:\/\/new.bjc.ro\/wp-content\/uploads\/2025\/12\/Gherla_22_10_2025-2.jpg\" alt=\"\" height=\"1536\" width=\"2048\"\/><\/div><\/div><div class=\"gutentor-single-item-content\"><div class=\"gutentor-gallery-item-header\"><a href=\"https:\/\/new.bjc.ro\/wp-content\/uploads\/2025\/12\/Gherla_22_10_2025-2.jpg\" class=\"image-gallery\"><i class=\"gallery-icon fas fa-search\"><\/i><\/a><\/div><div class=\"gutentor-gallery-item-desc\"><\/div><\/div><\/div><\/div><\/div><div class=\"gutentor-gallery-item grid-lg-3 grid-md-4 grid-12\"><div class=\"gutentor-single-item gutentor-image gutentor-single-item-3\"><div class=\"gutentor-gallery-item-wrap\"><div class=\"gutentor-single-item-image-box\"><div class=\"gutentor-image-thumb\"><img loading=\"lazy\" decoding=\"async\" class=\"normal-image\" src=\"https:\/\/new.bjc.ro\/wp-content\/uploads\/2025\/12\/Turda_15_10_2025-1.jpg\" alt=\"\" height=\"1536\" width=\"2048\"\/><\/div><\/div><div class=\"gutentor-single-item-content\"><div class=\"gutentor-gallery-item-header\"><a href=\"https:\/\/new.bjc.ro\/wp-content\/uploads\/2025\/12\/Turda_15_10_2025-1.jpg\" class=\"image-gallery\"><i class=\"gallery-icon fas fa-search\"><\/i><\/a><\/div><div class=\"gutentor-gallery-item-desc\"><\/div><\/div><\/div><\/div><\/div><\/div><\/div><\/section>\n\n\n\n<p>Activit\u0103\u0163i profesionale&nbsp;organizate de Biblioteca Jude\u0163ean\u0103 \u201cOctavian Goga\u201d Cluj pentru bibliotecile publice din jude\u0163 \u00een anul 2024.<\/p>\n\n\n\n<p>\u00cent\u00e2lnirea profesional\u0103 anual\u0103 a bibliotecarilor din bibliotecile publice din jude\u021bul Cluj a avut loc \u00een luna aprilie.<\/p>\n\n\n\n<p>\u00cent\u00e2lnirea centrelor metodice s-a desf\u0103\u0219urat la Biblioteca Jude\u021bean\u0103 \u201cOctavian Goga\u201d Cluj sub forma unui atelier practic de prezentare a unor aplica\u021bii utile pentru crearea de con\u021binut educa\u021bional, dezvoltarea cuno\u0219tin\u021belor \u00een domeniul biodiversit\u0103\u021bii, \u00eenv\u0103\u021barea limbilor str\u0103ine \u0219i valorificarea patrimoniului cultural. Exemplele de bune practici au fost inspirate din con\u021binutul instruirilor la care au participat bibliotecari din biblioteca jude\u021bean\u0103 \u00een cadrul proiectului <em>Noi direc\u021bii de educa\u021bie \u00een bibliotec\u0103<\/em>, finan\u021bat de Comisia European\u0103, prin programul Erasmus+, Ac\u021biunea cheie KA1-proiecte de mobilitate, domeniul educa\u021bia adul\u021bilor.<\/p>\n\n\n\n<section id=\"section-g-qcxxcec\" class=\"wp-block-gutentor-gallery gutentor-section gutentor-gallery gutentor-gallery-wrapper enable-masonry gallery-template1 has-image-bg has-custom-bg\"><div class=\"grid-container\"><div class=\"grid-row gutentor-grid-item-wrap full-width-row\"><div class=\"gutentor-gallery-item grid-lg-4 grid-md-4 grid-12\"><div class=\"gutentor-single-item gutentor-image gutentor-single-item-0\"><div class=\"gutentor-gallery-item-wrap\"><div class=\"gutentor-single-item-image-box\"><div class=\"gutentor-image-thumb\"><img loading=\"lazy\" decoding=\"async\" class=\"normal-image\" src=\"https:\/\/new.bjc.ro\/wp-content\/uploads\/2025\/12\/Cluj_17-octombrie-1.jpg\" alt=\"\" height=\"3096\" width=\"4128\"\/><\/div><\/div><div class=\"gutentor-single-item-content\"><div class=\"gutentor-gallery-item-header\"><a href=\"https:\/\/new.bjc.ro\/wp-content\/uploads\/2025\/12\/Cluj_17-octombrie-1.jpg\" class=\"image-gallery\"><i class=\"gallery-icon fas fa-search\"><\/i><\/a><\/div><div class=\"gutentor-gallery-item-desc\"><\/div><\/div><\/div><\/div><\/div><div class=\"gutentor-gallery-item grid-lg-4 grid-md-4 grid-12\"><div class=\"gutentor-single-item gutentor-image gutentor-single-item-1\"><div class=\"gutentor-gallery-item-wrap\"><div class=\"gutentor-single-item-image-box\"><div class=\"gutentor-image-thumb\"><img loading=\"lazy\" decoding=\"async\" class=\"normal-image\" src=\"https:\/\/new.bjc.ro\/wp-content\/uploads\/2025\/12\/Cluj_17-octombrie-20-1.jpg\" alt=\"\" height=\"3096\" width=\"4128\"\/><\/div><\/div><div class=\"gutentor-single-item-content\"><div class=\"gutentor-gallery-item-header\"><a href=\"https:\/\/new.bjc.ro\/wp-content\/uploads\/2025\/12\/Cluj_17-octombrie-20-1.jpg\" class=\"image-gallery\"><i class=\"gallery-icon fas fa-search\"><\/i><\/a><\/div><div class=\"gutentor-gallery-item-desc\"><\/div><\/div><\/div><\/div><\/div><div class=\"gutentor-gallery-item grid-lg-4 grid-md-4 grid-12\"><div class=\"gutentor-single-item gutentor-image gutentor-single-item-2\"><div class=\"gutentor-gallery-item-wrap\"><div class=\"gutentor-single-item-image-box\"><div class=\"gutentor-image-thumb\"><img loading=\"lazy\" decoding=\"async\" class=\"normal-image\" src=\"https:\/\/new.bjc.ro\/wp-content\/uploads\/2025\/12\/Cluj_17-octombrie-22-1.jpg\" alt=\"\" height=\"3096\" width=\"4128\"\/><\/div><\/div><div class=\"gutentor-single-item-content\"><div class=\"gutentor-gallery-item-header\"><a href=\"https:\/\/new.bjc.ro\/wp-content\/uploads\/2025\/12\/Cluj_17-octombrie-22-1.jpg\" class=\"image-gallery\"><i class=\"gallery-icon fas fa-search\"><\/i><\/a><\/div><div class=\"gutentor-gallery-item-desc\"><\/div><\/div><\/div><\/div><\/div><\/div><\/div><\/section>\n\n\n\n<p>Activit\u0103\u0163i profesionale&nbsp;organizate de Biblioteca Jude\u0163ean\u0103 \u201cOctavian Goga\u201d Cluj pentru bibliotecile publice din jude\u0163 \u00een anul 2023.<\/p>\n\n\n\n<p>\u00cent\u00e2lnirea profesional\u0103 anual\u0103 a bibliotecarilor din bibliotecile publice din jude\u021bul Cluj a avut loc \u00een luna martie.<\/p>\n\n\n\n<p>\u00cent\u00e2lnirile \u00een centrele metodice ale jude\u021bului s-au desf\u0103\u0219urat \u00een luna noiembrie \u0219i au avut ca tem\u0103 <strong>\u201ePromovarea activit\u0103\u021bilor de bibliotec\u0103 utiliz\u00e2nd platforma gratuit\u0103 Canva\u201d<\/strong> \u0219i s-au desf\u0103\u0219urat sub forma unor sesiuni de instruire practic\u0103 pentru crearea de afi\u0219e, flutura\u0219i, colaje foto \u0219i povestiri digitale.<\/p>\n\n\n\n<section id=\"section-66f01f6b-ce3d-4776-b64e-e5fd3ab4d39b\" class=\"wp-block-gutentor-gallery gutentor-section gutentor-gallery gutentor-gallery-wrapper enable-masonry gallery-template1\"><div class=\"grid-container\"><div class=\"grid-row gutentor-grid-item-wrap full-width-row\"><div class=\"gutentor-gallery-item grid-lg-3 grid-md-4 grid-12\"><div class=\"gutentor-single-item gutentor-image gutentor-single-item-0\"><div class=\"gutentor-gallery-item-wrap\"><div class=\"gutentor-single-item-image-box\"><div class=\"gutentor-image-thumb\"><img loading=\"lazy\" decoding=\"async\" class=\"normal-image\" src=\"https:\/\/new.bjc.ro\/wp-content\/uploads\/2023\/12\/Cluj.jpg\" alt=\"\" height=\"3000\" width=\"4000\"\/><\/div><\/div><div class=\"gutentor-single-item-content\"><div class=\"gutentor-gallery-item-header\"><a href=\"https:\/\/new.bjc.ro\/wp-content\/uploads\/2023\/12\/Cluj.jpg\" class=\"image-gallery\"><i class=\"gallery-icon fas fa-search\"><\/i><\/a><\/div><div class=\"gutentor-gallery-item-desc\"><\/div><\/div><\/div><\/div><\/div><div class=\"gutentor-gallery-item grid-lg-3 grid-md-4 grid-12\"><div class=\"gutentor-single-item gutentor-image gutentor-single-item-1\"><div class=\"gutentor-gallery-item-wrap\"><div class=\"gutentor-single-item-image-box\"><div class=\"gutentor-image-thumb\"><img loading=\"lazy\" decoding=\"async\" class=\"normal-image\" src=\"https:\/\/new.bjc.ro\/wp-content\/uploads\/2023\/12\/Dej.jpg\" alt=\"\" height=\"3000\" width=\"4000\"\/><\/div><\/div><div class=\"gutentor-single-item-content\"><div class=\"gutentor-gallery-item-header\"><a href=\"https:\/\/new.bjc.ro\/wp-content\/uploads\/2023\/12\/Dej.jpg\" class=\"image-gallery\"><i class=\"gallery-icon fas fa-search\"><\/i><\/a><\/div><div class=\"gutentor-gallery-item-desc\"><\/div><\/div><\/div><\/div><\/div><div class=\"gutentor-gallery-item grid-lg-3 grid-md-4 grid-12\"><div class=\"gutentor-single-item gutentor-image gutentor-single-item-2\"><div class=\"gutentor-gallery-item-wrap\"><div class=\"gutentor-single-item-image-box\"><div class=\"gutentor-image-thumb\"><img loading=\"lazy\" decoding=\"async\" class=\"normal-image\" src=\"https:\/\/new.bjc.ro\/wp-content\/uploads\/2023\/12\/Gherla.jpg\" alt=\"\" height=\"3000\" width=\"4000\"\/><\/div><\/div><div class=\"gutentor-single-item-content\"><div class=\"gutentor-gallery-item-header\"><a href=\"https:\/\/new.bjc.ro\/wp-content\/uploads\/2023\/12\/Gherla.jpg\" class=\"image-gallery\"><i class=\"gallery-icon fas fa-search\"><\/i><\/a><\/div><div class=\"gutentor-gallery-item-desc\"><\/div><\/div><\/div><\/div><\/div><div class=\"gutentor-gallery-item grid-lg-3 grid-md-4 grid-12\"><div class=\"gutentor-single-item gutentor-image gutentor-single-item-3\"><div class=\"gutentor-gallery-item-wrap\"><div class=\"gutentor-single-item-image-box\"><div class=\"gutentor-image-thumb\"><img loading=\"lazy\" decoding=\"async\" class=\"normal-image\" src=\"https:\/\/new.bjc.ro\/wp-content\/uploads\/2023\/12\/Huedin.jpg\" alt=\"\" height=\"3000\" width=\"4000\"\/><\/div><\/div><div class=\"gutentor-single-item-content\"><div class=\"gutentor-gallery-item-header\"><a href=\"https:\/\/new.bjc.ro\/wp-content\/uploads\/2023\/12\/Huedin.jpg\" class=\"image-gallery\"><i class=\"gallery-icon fas fa-search\"><\/i><\/a><\/div><div class=\"gutentor-gallery-item-desc\"><\/div><\/div><\/div><\/div><\/div><\/div><\/div><\/section>\n\n\n\n<p>\u00cen cadrul programului de formare continu\u0103 pentru bibliotecarii din jude\u021b au avut loc urm\u0103toarele activit\u0103\u021bi:<\/p>\n\n\n\n<ul class=\"wp-block-list\">\n<li>\u00cen 13 iunie 2023 \u00eent\u00e2lnirea cu tema <em>Circuitul c\u0103r\u021bii. Achizi\u021bia<\/em> s-a desf\u0103\u0219urat pe platforma Zoom;<\/li>\n\n\n\n<li>\u00cen 15 iunie 2023 \u00eent\u00e2lnirea cu tema <em>Prelucrarea \u0219i organizarea la raft a documentelor<\/em> a avut loc sub forma unui webinar pe platforma Zoom;<\/li>\n\n\n\n<li>\u00cen 21 iunie 2023 \u00eent\u00e2lnirea cu tema <em>Eviden\u021ba de baz\u0103. Inventarierea fondului de documente<\/em> s-a desf\u0103\u0219urat la Biblioteca Jude\u021bean\u0103 Cluj sub forma unui atelier de lucru \u00een care au fost prezentate regulile de baz\u0103 pentru completarea Registrului de mi\u0219care a fondurilor \u0219i a Registrului Inventar \u0219i care sunt etapele desf\u0103\u0219ur\u0103rii procesului de inventariere a fondului de documente;<\/li>\n\n\n\n<li>\u00cen 29 iunie 2023 \u00eent\u00e2lnirea cu tema <em>Eliminarea documentelor din colec\u021biile bibliotecii<\/em> s-a desf\u0103\u0219urat pe platforma Zoom.<\/li>\n<\/ul>\n\n\n\n<p><\/p>\n","protected":false},"excerpt":{"rendered":"<p>Conform atribu\u021biilor conferite de legea bibliotecilor, Biblioteca Jude\u0163ean\u0103 \u201cOctavian Goga\u201d Cluj prin Compartimentul Coordonare metodic\u0103 asigur\u0103 aplicarea unitar\u0103 a normelor biblioteconomice \u0219i a legisla\u021biei \u00een domeniu \u0219i coordoneaz\u0103 activitatea bibliotecilor publice din jude\u021b prin proiecte \u0219i programe, \u00eent\u00e2lniri metodice, \u00eent\u00e2lnirea anual\u0103 de analiz\u0103 a activit\u0103\u021bii \u0219i prin activit\u0103\u021bi de formare&hellip; <br \/> <a class=\"read-more\" href=\"https:\/\/new.bjc.ro\/?page_id=254\">Cite\u0219te mai mult<\/a><\/p>\n","protected":false},"author":1,"featured_media":0,"parent":0,"menu_order":0,"comment_status":"closed","ping_status":"closed","template":"","meta":{"_monsterinsights_skip_tracking":false,"_monsterinsights_sitenote_active":false,"_monsterinsights_sitenote_note":"","_monsterinsights_sitenote_category":0,"_EventAllDay":false,"_EventTimezone":"","_EventStartDate":"","_EventEndDate":"","_EventStartDateUTC":"","_EventEndDateUTC":"","_EventShowMap":false,"_EventShowMapLink":false,"_EventURL":"","_EventCost":"","_EventCostDescription":"","_EventCurrencySymbol":"","_EventCurrencyCode":"","_EventCurrencyPosition":"","_EventDateTimeSeparator":"","_EventTimeRangeSeparator":"","_EventOrganizerID":[],"_EventVenueID":[],"_OrganizerEmail":"","_OrganizerPhone":"","_OrganizerWebsite":"","_VenueAddress":"","_VenueCity":"","_VenueCountry":"","_VenueProvince":"","_VenueState":"","_VenueZip":"","_VenuePhone":"","_VenueURL":"","_VenueStateProvince":"","_VenueLat":"","_VenueLng":"","_VenueShowMap":false,"_VenueShowMapLink":false,"footnotes":""},"class_list":["post-254","page","type-page","status-publish","hentry"],"yoast_head":"<!-- This site is optimized with the Yoast SEO plugin v24.6 - https:\/\/yoast.com\/wordpress\/plugins\/seo\/ -->\n<title>Biblioteci publice din jude\u021bul Cluj - Biblioteca Jude\u021bean\u0103 \u201eOctavian Goga\u201d Cluj<\/title>\n<meta name=\"description\" content=\"Coordonare metodic\u0103 pentru bibliotecarii din jude\u021b, asisten\u0163\u0103 de specialitate, activit\u0103\u021bi de formare profesional\u0103\" \/>\n<meta name=\"robots\" content=\"index, follow, max-snippet:-1, max-image-preview:large, max-video-preview:-1\" \/>\n<link rel=\"canonical\" href=\"https:\/\/new.bjc.ro\/?page_id=254\" \/>\n<meta property=\"og:locale\" content=\"ro_RO\" \/>\n<meta property=\"og:type\" content=\"article\" \/>\n<meta property=\"og:title\" content=\"Biblioteci publice din jude\u021bul Cluj - Biblioteca Jude\u021bean\u0103 \u201eOctavian Goga\u201d Cluj\" \/>\n<meta property=\"og:description\" content=\"Coordonare metodic\u0103 pentru bibliotecarii din jude\u021b, asisten\u0163\u0103 de specialitate, activit\u0103\u021bi de formare profesional\u0103\" \/>\n<meta property=\"og:url\" content=\"https:\/\/new.bjc.ro\/?page_id=254\" \/>\n<meta property=\"og:site_name\" content=\"Biblioteca Jude\u021bean\u0103 \u201eOctavian Goga\u201d Cluj\" \/>\n<meta property=\"article:publisher\" content=\"https:\/\/www.facebook.com\/bibliotecacluj\/\" \/>\n<meta property=\"article:modified_time\" content=\"2026-03-31T06:09:26+00:00\" \/>\n<meta property=\"og:image\" content=\"https:\/\/new.bjc.ro\/wp-content\/uploads\/2025\/12\/Cluj_16_10_2025.jpg\" \/>\n<meta name=\"twitter:card\" content=\"summary_large_image\" \/>\n<meta name=\"twitter:site\" content=\"@BibliotecaGoga\" \/>\n<meta name=\"twitter:label1\" content=\"Timp estimat pentru citire\" \/>\n\t<meta name=\"twitter:data1\" content=\"5 minute\" \/>\n<script type=\"application\/ld+json\" class=\"yoast-schema-graph\">{\"@context\":\"https:\/\/schema.org\",\"@graph\":[{\"@type\":\"WebPage\",\"@id\":\"https:\/\/new.bjc.ro\/?page_id=254\",\"url\":\"https:\/\/new.bjc.ro\/?page_id=254\",\"name\":\"Biblioteci publice din jude\u021bul Cluj - Biblioteca Jude\u021bean\u0103 \u201eOctavian Goga\u201d Cluj\",\"isPartOf\":{\"@id\":\"https:\/\/new.bjc.ro\/#website\"},\"primaryImageOfPage\":{\"@id\":\"https:\/\/new.bjc.ro\/?page_id=254#primaryimage\"},\"image\":{\"@id\":\"https:\/\/new.bjc.ro\/?page_id=254#primaryimage\"},\"thumbnailUrl\":\"https:\/\/new.bjc.ro\/wp-content\/uploads\/2025\/12\/Cluj_16_10_2025.jpg\",\"datePublished\":\"2022-08-09T10:34:58+00:00\",\"dateModified\":\"2026-03-31T06:09:26+00:00\",\"description\":\"Coordonare metodic\u0103 pentru bibliotecarii din jude\u021b, asisten\u0163\u0103 de specialitate, activit\u0103\u021bi de formare profesional\u0103\",\"breadcrumb\":{\"@id\":\"https:\/\/new.bjc.ro\/?page_id=254#breadcrumb\"},\"inLanguage\":\"ro-RO\",\"potentialAction\":[{\"@type\":\"ReadAction\",\"target\":[\"https:\/\/new.bjc.ro\/?page_id=254\"]}]},{\"@type\":\"ImageObject\",\"inLanguage\":\"ro-RO\",\"@id\":\"https:\/\/new.bjc.ro\/?page_id=254#primaryimage\",\"url\":\"https:\/\/new.bjc.ro\/wp-content\/uploads\/2025\/12\/Cluj_16_10_2025.jpg\",\"contentUrl\":\"https:\/\/new.bjc.ro\/wp-content\/uploads\/2025\/12\/Cluj_16_10_2025.jpg\"},{\"@type\":\"BreadcrumbList\",\"@id\":\"https:\/\/new.bjc.ro\/?page_id=254#breadcrumb\",\"itemListElement\":[{\"@type\":\"ListItem\",\"position\":1,\"name\":\"Home\",\"item\":\"https:\/\/new.bjc.ro\/\"},{\"@type\":\"ListItem\",\"position\":2,\"name\":\"Biblioteci publice din jude\u021bul Cluj\"}]},{\"@type\":\"WebSite\",\"@id\":\"https:\/\/new.bjc.ro\/#website\",\"url\":\"https:\/\/new.bjc.ro\/\",\"name\":\"Biblioteca Jude\u021bean\u0103 \u201eOctavian Goga\u201d Cluj\",\"description\":\"\",\"publisher\":{\"@id\":\"https:\/\/new.bjc.ro\/#organization\"},\"alternateName\":\"Biblioteca Jude\u021bean\u0103 Cluj\",\"potentialAction\":[{\"@type\":\"SearchAction\",\"target\":{\"@type\":\"EntryPoint\",\"urlTemplate\":\"https:\/\/new.bjc.ro\/?s={search_term_string}\"},\"query-input\":{\"@type\":\"PropertyValueSpecification\",\"valueRequired\":true,\"valueName\":\"search_term_string\"}}],\"inLanguage\":\"ro-RO\"},{\"@type\":\"Organization\",\"@id\":\"https:\/\/new.bjc.ro\/#organization\",\"name\":\"Biblioteca Jude\u021bean\u0103 \u201eOctavian Goga\u201d Cluj\",\"url\":\"https:\/\/new.bjc.ro\/\",\"logo\":{\"@type\":\"ImageObject\",\"inLanguage\":\"ro-RO\",\"@id\":\"https:\/\/new.bjc.ro\/#\/schema\/logo\/image\/\",\"url\":\"https:\/\/new.bjc.ro\/wp-content\/uploads\/2023\/03\/sigle.jpg\",\"contentUrl\":\"https:\/\/new.bjc.ro\/wp-content\/uploads\/2023\/03\/sigle.jpg\",\"width\":630,\"height\":473,\"caption\":\"Biblioteca Jude\u021bean\u0103 \u201eOctavian Goga\u201d Cluj\"},\"image\":{\"@id\":\"https:\/\/new.bjc.ro\/#\/schema\/logo\/image\/\"},\"sameAs\":[\"https:\/\/www.facebook.com\/bibliotecacluj\/\",\"https:\/\/x.com\/BibliotecaGoga\",\"https:\/\/www.instagram.com\/biblioteca_judeteana_cluj\/\",\"https:\/\/www.youtube.com\/user\/BibliotecaGoga\"]}]}<\/script>\n<!-- \/ Yoast SEO plugin. -->","yoast_head_json":{"title":"Biblioteci publice din jude\u021bul Cluj - Biblioteca Jude\u021bean\u0103 \u201eOctavian Goga\u201d Cluj","description":"Coordonare metodic\u0103 pentru bibliotecarii din jude\u021b, asisten\u0163\u0103 de specialitate, activit\u0103\u021bi de formare profesional\u0103","robots":{"index":"index","follow":"follow","max-snippet":"max-snippet:-1","max-image-preview":"max-image-preview:large","max-video-preview":"max-video-preview:-1"},"canonical":"https:\/\/new.bjc.ro\/?page_id=254","og_locale":"ro_RO","og_type":"article","og_title":"Biblioteci publice din jude\u021bul Cluj - Biblioteca Jude\u021bean\u0103 \u201eOctavian Goga\u201d Cluj","og_description":"Coordonare metodic\u0103 pentru bibliotecarii din jude\u021b, asisten\u0163\u0103 de specialitate, activit\u0103\u021bi de formare profesional\u0103","og_url":"https:\/\/new.bjc.ro\/?page_id=254","og_site_name":"Biblioteca Jude\u021bean\u0103 \u201eOctavian Goga\u201d Cluj","article_publisher":"https:\/\/www.facebook.com\/bibliotecacluj\/","article_modified_time":"2026-03-31T06:09:26+00:00","og_image":[{"url":"https:\/\/new.bjc.ro\/wp-content\/uploads\/2025\/12\/Cluj_16_10_2025.jpg","type":"","width":"","height":""}],"twitter_card":"summary_large_image","twitter_site":"@BibliotecaGoga","twitter_misc":{"Timp estimat pentru citire":"5 minute"},"schema":{"@context":"https:\/\/schema.org","@graph":[{"@type":"WebPage","@id":"https:\/\/new.bjc.ro\/?page_id=254","url":"https:\/\/new.bjc.ro\/?page_id=254","name":"Biblioteci publice din jude\u021bul Cluj - Biblioteca Jude\u021bean\u0103 \u201eOctavian Goga\u201d Cluj","isPartOf":{"@id":"https:\/\/new.bjc.ro\/#website"},"primaryImageOfPage":{"@id":"https:\/\/new.bjc.ro\/?page_id=254#primaryimage"},"image":{"@id":"https:\/\/new.bjc.ro\/?page_id=254#primaryimage"},"thumbnailUrl":"https:\/\/new.bjc.ro\/wp-content\/uploads\/2025\/12\/Cluj_16_10_2025.jpg","datePublished":"2022-08-09T10:34:58+00:00","dateModified":"2026-03-31T06:09:26+00:00","description":"Coordonare metodic\u0103 pentru bibliotecarii din jude\u021b, asisten\u0163\u0103 de specialitate, activit\u0103\u021bi de formare profesional\u0103","breadcrumb":{"@id":"https:\/\/new.bjc.ro\/?page_id=254#breadcrumb"},"inLanguage":"ro-RO","potentialAction":[{"@type":"ReadAction","target":["https:\/\/new.bjc.ro\/?page_id=254"]}]},{"@type":"ImageObject","inLanguage":"ro-RO","@id":"https:\/\/new.bjc.ro\/?page_id=254#primaryimage","url":"https:\/\/new.bjc.ro\/wp-content\/uploads\/2025\/12\/Cluj_16_10_2025.jpg","contentUrl":"https:\/\/new.bjc.ro\/wp-content\/uploads\/2025\/12\/Cluj_16_10_2025.jpg"},{"@type":"BreadcrumbList","@id":"https:\/\/new.bjc.ro\/?page_id=254#breadcrumb","itemListElement":[{"@type":"ListItem","position":1,"name":"Home","item":"https:\/\/new.bjc.ro\/"},{"@type":"ListItem","position":2,"name":"Biblioteci publice din jude\u021bul Cluj"}]},{"@type":"WebSite","@id":"https:\/\/new.bjc.ro\/#website","url":"https:\/\/new.bjc.ro\/","name":"Biblioteca Jude\u021bean\u0103 \u201eOctavian Goga\u201d Cluj","description":"","publisher":{"@id":"https:\/\/new.bjc.ro\/#organization"},"alternateName":"Biblioteca Jude\u021bean\u0103 Cluj","potentialAction":[{"@type":"SearchAction","target":{"@type":"EntryPoint","urlTemplate":"https:\/\/new.bjc.ro\/?s={search_term_string}"},"query-input":{"@type":"PropertyValueSpecification","valueRequired":true,"valueName":"search_term_string"}}],"inLanguage":"ro-RO"},{"@type":"Organization","@id":"https:\/\/new.bjc.ro\/#organization","name":"Biblioteca Jude\u021bean\u0103 \u201eOctavian Goga\u201d Cluj","url":"https:\/\/new.bjc.ro\/","logo":{"@type":"ImageObject","inLanguage":"ro-RO","@id":"https:\/\/new.bjc.ro\/#\/schema\/logo\/image\/","url":"https:\/\/new.bjc.ro\/wp-content\/uploads\/2023\/03\/sigle.jpg","contentUrl":"https:\/\/new.bjc.ro\/wp-content\/uploads\/2023\/03\/sigle.jpg","width":630,"height":473,"caption":"Biblioteca Jude\u021bean\u0103 \u201eOctavian Goga\u201d Cluj"},"image":{"@id":"https:\/\/new.bjc.ro\/#\/schema\/logo\/image\/"},"sameAs":["https:\/\/www.facebook.com\/bibliotecacluj\/","https:\/\/x.com\/BibliotecaGoga","https:\/\/www.instagram.com\/biblioteca_judeteana_cluj\/","https:\/\/www.youtube.com\/user\/BibliotecaGoga"]}]}},"_links":{"self":[{"href":"https:\/\/new.bjc.ro\/index.php?rest_route=\/wp\/v2\/pages\/254","targetHints":{"allow":["GET"]}}],"collection":[{"href":"https:\/\/new.bjc.ro\/index.php?rest_route=\/wp\/v2\/pages"}],"about":[{"href":"https:\/\/new.bjc.ro\/index.php?rest_route=\/wp\/v2\/types\/page"}],"author":[{"embeddable":true,"href":"https:\/\/new.bjc.ro\/index.php?rest_route=\/wp\/v2\/users\/1"}],"replies":[{"embeddable":true,"href":"https:\/\/new.bjc.ro\/index.php?rest_route=%2Fwp%2Fv2%2Fcomments&post=254"}],"version-history":[{"count":27,"href":"https:\/\/new.bjc.ro\/index.php?rest_route=\/wp\/v2\/pages\/254\/revisions"}],"predecessor-version":[{"id":12002,"href":"https:\/\/new.bjc.ro\/index.php?rest_route=\/wp\/v2\/pages\/254\/revisions\/12002"}],"wp:attachment":[{"href":"https:\/\/new.bjc.ro\/index.php?rest_route=%2Fwp%2Fv2%2Fmedia&parent=254"}],"curies":[{"name":"wp","href":"https:\/\/api.w.org\/{rel}","templated":true}]}}