{"id":397,"date":"2022-08-10T05:54:07","date_gmt":"2022-08-10T05:54:07","guid":{"rendered":"https:\/\/new.bjc.ro\/?page_id=397"},"modified":"2026-02-02T09:17:10","modified_gmt":"2026-02-02T07:17:10","slug":"filiala-zorilor","status":"publish","type":"page","link":"https:\/\/new.bjc.ro\/?page_id=397","title":{"rendered":"Filiala Zorilor"},"content":{"rendered":"\r\n<div class=\"wp-block-media-text alignwide is-stacked-on-mobile\" style=\"grid-template-columns: 30% auto;\">\r\n<figure class=\"wp-block-media-text__media\"><a href=\"https:\/\/new.bjc.ro\/wp-content\/uploads\/2023\/03\/Seara-literara_Zorilor.png\"><img loading=\"lazy\" decoding=\"async\" width=\"1224\" height=\"603\" class=\"wp-image-6903 size-full\" src=\"https:\/\/new.bjc.ro\/wp-content\/uploads\/2023\/03\/Seara-literara_Zorilor.png\" alt=\"\" \/><\/a><\/figure>\r\n<div class=\"wp-block-media-text__content\">\r\n<p>Adresa: str. Observatorului nr. 1<\/p>\r\n\r\n\r\n\r\n<p>Telefon: 0264-438409; 0756-080689<\/p>\r\n\r\n\r\n\r\n<p>E-mail:\u00a0zorilor[at]bjc.ro<br \/><a href=\"https:\/\/www.facebook.com\/Biblioteca-Jude%C8%9Bean%C4%83-Octavian-Goga-Cluj-Filiala-Zorilor-677776522395395\/?hc_ref=SEARCH\">Pagina de Facebook<\/a><\/p>\r\n\r\n\r\n\r\n<p><strong>Program: <\/strong>luni-vineri 8.00-20.00\u00a0<\/p>\r\n\r\n\r\n<\/div>\r\n<div>\u00a0<\/div>\r\n<\/div>\r\n\r\n\r\n\r\n<p>Filiala Zorilor, \u00eenfiin\u021bat\u0103 \u00een anul 1990, ofer\u0103 tuturor categoriilor de public accesul gratuit la toate colec\u0163iile de documente \u015fi la toate activit\u0103\u0163ile cultural-educative \u015fi de informare desf\u0103\u0219urate, promov\u00e2nd interesul pentru lectur\u0103 \u015fi \u00eenv\u0103\u0163area pe tot parcursul vie\u0163ii.<\/p>\r\n<p>Num\u0103rul documentelor filialei, la data de 1 ianuarie 2026, este de 42.983 de documente (40.385\u2013 carte, 463 \u2013 publica\u021bii seriale \u0219i 2.135 materiale audiovizuale\/electronice), organizate la raftul liber.<\/p>\r\n<p>Servicii \u0219i facilit\u0103\u021bi oferite:<\/p>\r\n<ul>\r\n<li>eliberarea <em>Permisului de intrare la bibliotec\u0103<\/em>;<\/li>\r\n<li>\u00eemprumut la domiciliu;<\/li>\r\n<li>consultare pe loc de documente, carte \u0219i pres\u0103;<\/li>\r\n<li>acces la legisla\u0163ia Rom\u00e2niei prin programul LexExpert;<\/li>\r\n<li>auto-\u00eemprumut \u0219i auto-restituire a documentelor;<\/li>\r\n<li>igienizarea documentelor restituite;<\/li>\r\n<li>informa\u0163ii de toate tipurile;<\/li>\r\n<li>prelungirea termenului de \u00eemprumut, rezervare \u0219i re\u021binere de titluri prin: catalogul online, telefon, e-mail \u0219i <a href=\"https:\/\/new.bjc.ro\/?page_id=9171\">Qulto eCard<\/a>;<\/li>\r\n<li>activit\u0103\u0163i culturale \u015fi de loisir;<\/li>\r\n<li>acces liber la raft 100%;<\/li>\r\n<li>sta\u0163ii de lucru pentru utilizatori: 10;<\/li>\r\n<li>posiblitate de copiere, scanare, imprimare alb-negru, conform <a href=\"https:\/\/new.bjc.ro\/wp-content\/uploads\/2026\/01\/Regulamentul-serviciilor-pentru-public-2026-3.pdf\">Regulamentului serviciilor pentru public<\/a>;<\/li>\r\n<li>acces la Internet wireless.<\/li>\r\n<\/ul>\r\n<p>Activit\u0103\u021bi tradi\u021bionale:<\/p>\r\n<ul>\r\n<li>Zilele Bibliotecilor de Cartier;<\/li>\r\n<li>Ziua Interna\u021bional\u0103 a C\u0103r\u021bii pentru Copii \u0219i Tineret;<\/li>\r\n<li><a href=\"https:\/\/copiibjc.bjc.ro\/?page_id=5518\">Concursul de desene \u201eEroii c\u0103r\u0163ilor citite\u201d<\/a>;<\/li>\r\n<li><a href=\"https:\/\/copiibjc.bjc.ro\/?page_id=5515\">Concursul Na\u021bional de Lectur\u0103 \u201eB\u0103t\u0103lia C\u0103r\u021bilor\u201d<\/a>;<\/li>\r\n<li>\u201eArta la \u00eendem\u00e2na copiilor\u201d &#8211; atelier de creativitate destinat celor cu v\u00e2rsta cuprins\u0103 \u00eentre 8 \u015fi 14 ani, ce se desf\u0103\u015foar\u0103 \u00een fiecare luni, la ora 17.00;<\/li>\r\n<li><a href=\"https:\/\/copiibjc.bjc.ro\/?page_id=5863\">Cu bebe la bibliotec\u0103<\/a>;<\/li>\r\n<li><a href=\"https:\/\/copiibjc.bjc.ro\/?page_id=5806\">Club de \u00eenv\u0103\u021bare a limbii engleze<\/a> \u201eS\u0103 exers\u0103m limba englez\u0103\u201d;<\/li>\r\n<li>Clubul de limba englez\u0103 pentru adul\u021bi &#8211; \u201eS\u0103 exers\u0103m limba englez\u0103\u201d, destinat celor care \u00eencep s\u0103 \u00eenve\u021be limba englez\u0103, \u0219i se organizeaz\u0103 \u00een fiecare joi, la ora 16.00;<\/li>\r\n<li><a href=\"https:\/\/copiibjc.bjc.ro\/?page_id=5740\">Ora pove\u0219tilor<\/a>;<\/li>\r\n<li>\u201eAgoraTeen\u201d &#8211; club de lectur\u0103 pentru adolescen\u021bi cu v\u00e2rsta \u00eentre 14 \u0219i 18 ani, ce se desf\u0103\u0219oar\u0103 \u00een prima miercuri a fiec\u0103rei luni, la ora 18.00;<\/li>\r\n<li>\u201ePasiune \u0219i crea\u021bie\u201d &#8211; club de lectur\u0103 \u0219i creativitate pentru adul\u021bi &#8211; este o activitate lunar\u0103 organizat\u0103 \u00een ultima joi a fiec\u0103rei luni, la ora 17.00. De asemenea, se organizeaz\u0103 \u00eent\u00e2lniri bilunare, joia, la ora 17.00, dedicate celor pasiona\u021bi de tricotat \u0219i cro\u0219etat.<\/li>\r\n<li><a href=\"https:\/\/copiibjc.bjc.ro\/?page_id=15927\">Lego Club pentru \u00eentreaga familie<\/a>;<\/li>\r\n<li><a href=\"https:\/\/copiibjc.bjc.ro\/?page_id=11316\">Citesc o carte \u00eempreun\u0103 cu copilul meu<\/a>;<\/li>\r\n<li>Clubul lecturii de vacan\u021b\u0103;<\/li>\r\n<li>Programe de vacan\u021b\u0103.<\/li>\r\n<\/ul>\r\n","protected":false},"excerpt":{"rendered":"<p>Adresa: str. Observatorului nr. 1 Telefon: 0264-438409; 0756-080689 E-mail:\u00a0zorilor[at]bjc.roPagina de Facebook Program: luni-vineri 8.00-20.00\u00a0 \u00a0 Filiala Zorilor, \u00eenfiin\u021bat\u0103 \u00een anul 1990, ofer\u0103 tuturor categoriilor de public accesul gratuit la toate colec\u0163iile de documente \u015fi la toate activit\u0103\u0163ile cultural-educative \u015fi de informare desf\u0103\u0219urate, promov\u00e2nd interesul pentru lectur\u0103 \u015fi \u00eenv\u0103\u0163area pe tot&hellip; <br \/> <a class=\"read-more\" href=\"https:\/\/new.bjc.ro\/?page_id=397\">Cite\u0219te mai mult<\/a><\/p>\n","protected":false},"author":1,"featured_media":0,"parent":0,"menu_order":0,"comment_status":"closed","ping_status":"closed","template":"","meta":{"_monsterinsights_skip_tracking":false,"_monsterinsights_sitenote_active":false,"_monsterinsights_sitenote_note":"","_monsterinsights_sitenote_category":0,"_EventAllDay":false,"_EventTimezone":"","_EventStartDate":"","_EventEndDate":"","_EventStartDateUTC":"","_EventEndDateUTC":"","_EventShowMap":false,"_EventShowMapLink":false,"_EventURL":"","_EventCost":"","_EventCostDescription":"","_EventCurrencySymbol":"","_EventCurrencyCode":"","_EventCurrencyPosition":"","_EventDateTimeSeparator":"","_EventTimeRangeSeparator":"","_EventOrganizerID":[],"_EventVenueID":[],"_OrganizerEmail":"","_OrganizerPhone":"","_OrganizerWebsite":"","_VenueAddress":"","_VenueCity":"","_VenueCountry":"","_VenueProvince":"","_VenueState":"","_VenueZip":"","_VenuePhone":"","_VenueURL":"","_VenueStateProvince":"","_VenueLat":"","_VenueLng":"","_VenueShowMap":false,"_VenueShowMapLink":false,"footnotes":""},"class_list":["post-397","page","type-page","status-publish","hentry"],"yoast_head":"<!-- This site is optimized with the Yoast SEO plugin v24.6 - https:\/\/yoast.com\/wordpress\/plugins\/seo\/ -->\n<title>Filiala Zorilor - Biblioteca Jude\u021bean\u0103 \u201eOctavian Goga\u201d Cluj<\/title>\n<meta name=\"description\" content=\"Filiala Zorilor, date de contact, program cu publicul, servicii \u0219i facilit\u0103\u021bi, activit\u0103\u021bi \u0219i manifest\u0103ri culturale\" \/>\n<meta name=\"robots\" content=\"index, follow, max-snippet:-1, max-image-preview:large, max-video-preview:-1\" \/>\n<link rel=\"canonical\" href=\"https:\/\/new.bjc.ro\/?page_id=397\" \/>\n<meta property=\"og:locale\" content=\"ro_RO\" \/>\n<meta property=\"og:type\" content=\"article\" \/>\n<meta property=\"og:title\" content=\"Filiala Zorilor - Biblioteca Jude\u021bean\u0103 \u201eOctavian Goga\u201d Cluj\" \/>\n<meta property=\"og:description\" content=\"Filiala Zorilor, date de contact, program cu publicul, servicii \u0219i facilit\u0103\u021bi, activit\u0103\u021bi \u0219i manifest\u0103ri culturale\" \/>\n<meta property=\"og:url\" content=\"https:\/\/new.bjc.ro\/?page_id=397\" \/>\n<meta property=\"og:site_name\" content=\"Biblioteca Jude\u021bean\u0103 \u201eOctavian Goga\u201d Cluj\" \/>\n<meta property=\"article:publisher\" content=\"https:\/\/www.facebook.com\/bibliotecacluj\/\" \/>\n<meta property=\"article:modified_time\" content=\"2026-02-02T07:17:10+00:00\" \/>\n<meta property=\"og:image\" content=\"https:\/\/new.bjc.ro\/wp-content\/uploads\/2023\/03\/Seara-literara_Zorilor.png\" \/>\n\t<meta property=\"og:image:width\" content=\"1224\" \/>\n\t<meta property=\"og:image:height\" content=\"603\" \/>\n\t<meta property=\"og:image:type\" content=\"image\/png\" \/>\n<meta name=\"twitter:card\" content=\"summary_large_image\" \/>\n<meta name=\"twitter:site\" content=\"@BibliotecaGoga\" \/>\n<meta name=\"twitter:label1\" content=\"Timp estimat pentru citire\" \/>\n\t<meta name=\"twitter:data1\" content=\"3 minute\" \/>\n<script type=\"application\/ld+json\" class=\"yoast-schema-graph\">{\"@context\":\"https:\/\/schema.org\",\"@graph\":[{\"@type\":\"WebPage\",\"@id\":\"https:\/\/new.bjc.ro\/?page_id=397\",\"url\":\"https:\/\/new.bjc.ro\/?page_id=397\",\"name\":\"Filiala Zorilor - Biblioteca Jude\u021bean\u0103 \u201eOctavian Goga\u201d Cluj\",\"isPartOf\":{\"@id\":\"https:\/\/new.bjc.ro\/#website\"},\"primaryImageOfPage\":{\"@id\":\"https:\/\/new.bjc.ro\/?page_id=397#primaryimage\"},\"image\":{\"@id\":\"https:\/\/new.bjc.ro\/?page_id=397#primaryimage\"},\"thumbnailUrl\":\"https:\/\/new.bjc.ro\/wp-content\/uploads\/2023\/03\/Seara-literara_Zorilor.png\",\"datePublished\":\"2022-08-10T05:54:07+00:00\",\"dateModified\":\"2026-02-02T07:17:10+00:00\",\"description\":\"Filiala Zorilor, date de contact, program cu publicul, servicii \u0219i facilit\u0103\u021bi, activit\u0103\u021bi \u0219i manifest\u0103ri culturale\",\"breadcrumb\":{\"@id\":\"https:\/\/new.bjc.ro\/?page_id=397#breadcrumb\"},\"inLanguage\":\"ro-RO\",\"potentialAction\":[{\"@type\":\"ReadAction\",\"target\":[\"https:\/\/new.bjc.ro\/?page_id=397\"]}]},{\"@type\":\"ImageObject\",\"inLanguage\":\"ro-RO\",\"@id\":\"https:\/\/new.bjc.ro\/?page_id=397#primaryimage\",\"url\":\"https:\/\/new.bjc.ro\/wp-content\/uploads\/2023\/03\/Seara-literara_Zorilor.png\",\"contentUrl\":\"https:\/\/new.bjc.ro\/wp-content\/uploads\/2023\/03\/Seara-literara_Zorilor.png\"},{\"@type\":\"BreadcrumbList\",\"@id\":\"https:\/\/new.bjc.ro\/?page_id=397#breadcrumb\",\"itemListElement\":[{\"@type\":\"ListItem\",\"position\":1,\"name\":\"Home\",\"item\":\"https:\/\/new.bjc.ro\/\"},{\"@type\":\"ListItem\",\"position\":2,\"name\":\"Filiala Zorilor\"}]},{\"@type\":\"WebSite\",\"@id\":\"https:\/\/new.bjc.ro\/#website\",\"url\":\"https:\/\/new.bjc.ro\/\",\"name\":\"Biblioteca Jude\u021bean\u0103 \u201eOctavian Goga\u201d Cluj\",\"description\":\"\",\"publisher\":{\"@id\":\"https:\/\/new.bjc.ro\/#organization\"},\"alternateName\":\"Biblioteca Jude\u021bean\u0103 Cluj\",\"potentialAction\":[{\"@type\":\"SearchAction\",\"target\":{\"@type\":\"EntryPoint\",\"urlTemplate\":\"https:\/\/new.bjc.ro\/?s={search_term_string}\"},\"query-input\":{\"@type\":\"PropertyValueSpecification\",\"valueRequired\":true,\"valueName\":\"search_term_string\"}}],\"inLanguage\":\"ro-RO\"},{\"@type\":\"Organization\",\"@id\":\"https:\/\/new.bjc.ro\/#organization\",\"name\":\"Biblioteca Jude\u021bean\u0103 \u201eOctavian Goga\u201d Cluj\",\"url\":\"https:\/\/new.bjc.ro\/\",\"logo\":{\"@type\":\"ImageObject\",\"inLanguage\":\"ro-RO\",\"@id\":\"https:\/\/new.bjc.ro\/#\/schema\/logo\/image\/\",\"url\":\"https:\/\/new.bjc.ro\/wp-content\/uploads\/2023\/03\/sigle.jpg\",\"contentUrl\":\"https:\/\/new.bjc.ro\/wp-content\/uploads\/2023\/03\/sigle.jpg\",\"width\":630,\"height\":473,\"caption\":\"Biblioteca Jude\u021bean\u0103 \u201eOctavian Goga\u201d Cluj\"},\"image\":{\"@id\":\"https:\/\/new.bjc.ro\/#\/schema\/logo\/image\/\"},\"sameAs\":[\"https:\/\/www.facebook.com\/bibliotecacluj\/\",\"https:\/\/x.com\/BibliotecaGoga\",\"https:\/\/www.instagram.com\/biblioteca_judeteana_cluj\/\",\"https:\/\/www.youtube.com\/user\/BibliotecaGoga\"]}]}<\/script>\n<!-- \/ Yoast SEO plugin. -->","yoast_head_json":{"title":"Filiala Zorilor - Biblioteca Jude\u021bean\u0103 \u201eOctavian Goga\u201d Cluj","description":"Filiala Zorilor, date de contact, program cu publicul, servicii \u0219i facilit\u0103\u021bi, activit\u0103\u021bi \u0219i manifest\u0103ri culturale","robots":{"index":"index","follow":"follow","max-snippet":"max-snippet:-1","max-image-preview":"max-image-preview:large","max-video-preview":"max-video-preview:-1"},"canonical":"https:\/\/new.bjc.ro\/?page_id=397","og_locale":"ro_RO","og_type":"article","og_title":"Filiala Zorilor - Biblioteca Jude\u021bean\u0103 \u201eOctavian Goga\u201d Cluj","og_description":"Filiala Zorilor, date de contact, program cu publicul, servicii \u0219i facilit\u0103\u021bi, activit\u0103\u021bi \u0219i manifest\u0103ri culturale","og_url":"https:\/\/new.bjc.ro\/?page_id=397","og_site_name":"Biblioteca Jude\u021bean\u0103 \u201eOctavian Goga\u201d Cluj","article_publisher":"https:\/\/www.facebook.com\/bibliotecacluj\/","article_modified_time":"2026-02-02T07:17:10+00:00","og_image":[{"width":1224,"height":603,"url":"https:\/\/new.bjc.ro\/wp-content\/uploads\/2023\/03\/Seara-literara_Zorilor.png","type":"image\/png"}],"twitter_card":"summary_large_image","twitter_site":"@BibliotecaGoga","twitter_misc":{"Timp estimat pentru citire":"3 minute"},"schema":{"@context":"https:\/\/schema.org","@graph":[{"@type":"WebPage","@id":"https:\/\/new.bjc.ro\/?page_id=397","url":"https:\/\/new.bjc.ro\/?page_id=397","name":"Filiala Zorilor - Biblioteca Jude\u021bean\u0103 \u201eOctavian Goga\u201d Cluj","isPartOf":{"@id":"https:\/\/new.bjc.ro\/#website"},"primaryImageOfPage":{"@id":"https:\/\/new.bjc.ro\/?page_id=397#primaryimage"},"image":{"@id":"https:\/\/new.bjc.ro\/?page_id=397#primaryimage"},"thumbnailUrl":"https:\/\/new.bjc.ro\/wp-content\/uploads\/2023\/03\/Seara-literara_Zorilor.png","datePublished":"2022-08-10T05:54:07+00:00","dateModified":"2026-02-02T07:17:10+00:00","description":"Filiala Zorilor, date de contact, program cu publicul, servicii \u0219i facilit\u0103\u021bi, activit\u0103\u021bi \u0219i manifest\u0103ri culturale","breadcrumb":{"@id":"https:\/\/new.bjc.ro\/?page_id=397#breadcrumb"},"inLanguage":"ro-RO","potentialAction":[{"@type":"ReadAction","target":["https:\/\/new.bjc.ro\/?page_id=397"]}]},{"@type":"ImageObject","inLanguage":"ro-RO","@id":"https:\/\/new.bjc.ro\/?page_id=397#primaryimage","url":"https:\/\/new.bjc.ro\/wp-content\/uploads\/2023\/03\/Seara-literara_Zorilor.png","contentUrl":"https:\/\/new.bjc.ro\/wp-content\/uploads\/2023\/03\/Seara-literara_Zorilor.png"},{"@type":"BreadcrumbList","@id":"https:\/\/new.bjc.ro\/?page_id=397#breadcrumb","itemListElement":[{"@type":"ListItem","position":1,"name":"Home","item":"https:\/\/new.bjc.ro\/"},{"@type":"ListItem","position":2,"name":"Filiala Zorilor"}]},{"@type":"WebSite","@id":"https:\/\/new.bjc.ro\/#website","url":"https:\/\/new.bjc.ro\/","name":"Biblioteca Jude\u021bean\u0103 \u201eOctavian Goga\u201d Cluj","description":"","publisher":{"@id":"https:\/\/new.bjc.ro\/#organization"},"alternateName":"Biblioteca Jude\u021bean\u0103 Cluj","potentialAction":[{"@type":"SearchAction","target":{"@type":"EntryPoint","urlTemplate":"https:\/\/new.bjc.ro\/?s={search_term_string}"},"query-input":{"@type":"PropertyValueSpecification","valueRequired":true,"valueName":"search_term_string"}}],"inLanguage":"ro-RO"},{"@type":"Organization","@id":"https:\/\/new.bjc.ro\/#organization","name":"Biblioteca Jude\u021bean\u0103 \u201eOctavian Goga\u201d Cluj","url":"https:\/\/new.bjc.ro\/","logo":{"@type":"ImageObject","inLanguage":"ro-RO","@id":"https:\/\/new.bjc.ro\/#\/schema\/logo\/image\/","url":"https:\/\/new.bjc.ro\/wp-content\/uploads\/2023\/03\/sigle.jpg","contentUrl":"https:\/\/new.bjc.ro\/wp-content\/uploads\/2023\/03\/sigle.jpg","width":630,"height":473,"caption":"Biblioteca Jude\u021bean\u0103 \u201eOctavian Goga\u201d Cluj"},"image":{"@id":"https:\/\/new.bjc.ro\/#\/schema\/logo\/image\/"},"sameAs":["https:\/\/www.facebook.com\/bibliotecacluj\/","https:\/\/x.com\/BibliotecaGoga","https:\/\/www.instagram.com\/biblioteca_judeteana_cluj\/","https:\/\/www.youtube.com\/user\/BibliotecaGoga"]}]}},"_links":{"self":[{"href":"https:\/\/new.bjc.ro\/index.php?rest_route=\/wp\/v2\/pages\/397","targetHints":{"allow":["GET"]}}],"collection":[{"href":"https:\/\/new.bjc.ro\/index.php?rest_route=\/wp\/v2\/pages"}],"about":[{"href":"https:\/\/new.bjc.ro\/index.php?rest_route=\/wp\/v2\/types\/page"}],"author":[{"embeddable":true,"href":"https:\/\/new.bjc.ro\/index.php?rest_route=\/wp\/v2\/users\/1"}],"replies":[{"embeddable":true,"href":"https:\/\/new.bjc.ro\/index.php?rest_route=%2Fwp%2Fv2%2Fcomments&post=397"}],"version-history":[{"count":28,"href":"https:\/\/new.bjc.ro\/index.php?rest_route=\/wp\/v2\/pages\/397\/revisions"}],"predecessor-version":[{"id":11751,"href":"https:\/\/new.bjc.ro\/index.php?rest_route=\/wp\/v2\/pages\/397\/revisions\/11751"}],"wp:attachment":[{"href":"https:\/\/new.bjc.ro\/index.php?rest_route=%2Fwp%2Fv2%2Fmedia&parent=397"}],"curies":[{"name":"wp","href":"https:\/\/api.w.org\/{rel}","templated":true}]}}