{"id":8090,"date":"2023-10-06T12:58:20","date_gmt":"2023-10-06T09:58:20","guid":{"rendered":"https:\/\/new.bjc.ro\/?page_id=8090"},"modified":"2024-04-01T14:04:28","modified_gmt":"2024-04-01T11:04:28","slug":"concurs-consilier-juridic","status":"publish","type":"page","link":"https:\/\/new.bjc.ro\/?page_id=8090","title":{"rendered":"Concurs consilier juridic"},"content":{"rendered":"<p><span style=\"color: #999999;\">Biblioteca Jude\u021bean\u0103 \u201eOctavian Goga\u201d Cluj, institu\u021bie aflat\u0103 \u00een subordinea Consiliului Jude\u021bean Cluj, cu sediul \u00een municipiul Cluj-Napoca, str. Calea Doroban\u021bilor, nr. 104, organizeaz\u0103 \u00een conformitate cu H.G. nr. 1336\/2022, concurs pentru ocuparea unui post unic contractual vacant, dup\u0103 cum urmeaz\u0103:<\/span><\/p>\n<p><span style=\"color: #999999;\"><strong>1 post de Consilier juridic, studii superioare, gradul IA<\/strong>, norm\u0103 \u00eentreag\u0103, durat\u0103 nedeterminat\u0103.<\/span><\/p>\n<p><span style=\"color: #999999;\">Concursul va consta din 2 probe \u0219i se va desf\u0103\u0219ura la sediul bibliotecii, Calea Doroban\u021bilor, nr. 104, \u00een zilele de 20.03.2024 ora 10,00 \u2013 proba scris\u0103 \u0219i 26.03.2024 ora 10,00 \u2013 interviul.<\/span><\/p>\n<p><span style=\"color: #999999;\">Dosarele de \u00eenscriere la concurs se depun fizic la sediul Bibliotecii Jude\u021bene \u201eOctavian Goga\u201d Cluj, \u00een termen de 10 zile lucr\u0103toare de la data public\u0103rii prezentului anun\u0163, pe site-ul institu\u021biei, respectiv p\u00e2n\u0103 la data de 13.03.2024, \u00een intervalul orar 10,00 \u2013 14,00.<\/span><\/p>\n<p><span style=\"color: #999999;\">Rela\u0163ii suplimentare se pot ob\u0163ine de la sediul bibliotecii\u00a0\u0219i la telefon 0264-430323.<\/span><\/p>\n<p><a href=\"https:\/\/new.bjc.ro\/wp-content\/uploads\/2024\/03\/Conditii-generale-si-specifice-consilier-juridic-grad-IA-nedeterminata.pdf\">Condi\u021bii generale \u0219i specifice<\/a><\/p>\n<p><a href=\"https:\/\/new.bjc.ro\/wp-content\/uploads\/2024\/03\/Dosar-de-concurs-continut.pdf\">Dosar de concurs<\/a><\/p>\n<p><a href=\"https:\/\/new.bjc.ro\/wp-content\/uploads\/2024\/03\/Calendarul-de-desfasurare-a-concursului_cj.pdf\">Calendarul de desf\u0103\u0219urare a concursului<\/a><\/p>\n<p><a href=\"https:\/\/new.bjc.ro\/wp-content\/uploads\/2024\/03\/04-Formular-de-inscriere-la-concurs-post-jurist.docx\">Formular \u00eenscriere<\/a><\/p>\n<p><a href=\"https:\/\/new.bjc.ro\/wp-content\/uploads\/2024\/02\/Tematica-si-bibl-concurs-angajare-consilier-juridic-IA.doc\">Bibliografie concurs<\/a><\/p>\n<p>\u00cen anun\u021bul privind concursul de recrutare pentru ocuparea postului de consilier juridic din cadrul Bibliotecii Jude\u021bene \u201dOctavian Goga\u201d Cluj,\u00a0 \u00een sec\u021biunea &#8222;Bibliografie&#8221; s-a produs o eroare material\u0103 cu privire la tematica concursului. Au fost men\u021bionate urm\u0103toarele:<\/p>\n<p>&#8221; <strong><em>TEMATICA<\/em><\/strong><strong>:<\/strong><\/p>\n<ol>\n<li>Activitatea consilierului juridic (atribu\u021bii, competente, r\u0103spunderi)<\/li>\n<li>Reprezentarea intereselor angajatorului \u00een fa\u021ba instan\u021belor de judecat\u0103, a autorit\u0103\u021bilor \u0219i institu\u021biilor publice.<\/li>\n<li>Regimul juridic al achizi\u021biilor publice.<\/li>\n<li>Regimul juridic al raporturilor de munc\u0103.<\/li>\n<li>Recuperare debite (proceduri, formalit\u0103\u021bi).<\/li>\n<li>Contracte civile \u0219i comerciale (avizare, clauze, r\u0103spundere contractual\u0103).&#8221;<\/li>\n<\/ol>\n<p>Eroare care se \u00eendreapt\u0103 astfel:<\/p>\n<p><strong><em>\u00a0TEMATICA<\/em><\/strong><strong>:<\/strong><\/p>\n<ol>\n<li>Reprezentarea intereselor angajatorului \u00een fa\u021ba instan\u021belor de judecat\u0103, a autorit\u0103\u021bilor \u0219i institu\u021biilor publice.<\/li>\n<li>Regimul juridic al achizi\u021biilor publice.<\/li>\n<li>Regimul juridic al raporturilor de munc\u0103.<\/li>\n<li>Recuperare debite (proceduri, formalit\u0103\u021bi).<\/li>\n<li>Contracte specifice activit\u0103\u021bii.<\/li>\n<\/ol>\n<p>Data afi\u0219\u0103rii: 29.02.2024<\/p>\n<p><a href=\"https:\/\/new.bjc.ro\/wp-content\/uploads\/2024\/03\/Anunt-pentru-selectie-dosare-jurist-15.03.2024.pdf\">Rezultate selec\u021bie dosare<\/a><\/p>\n<p>Data afi\u0219\u0103rii: 15.03.2024<\/p>\n<p><a href=\"https:\/\/new.bjc.ro\/wp-content\/uploads\/2024\/03\/Anunt-pentru-proba-scrisa-jurist-21.03.2024.pdf\">Rezultate proba scris\u0103<\/a><\/p>\n<p>Data afi\u0219\u0103rii: 21.03.2024<\/p>\n<p><a href=\"https:\/\/new.bjc.ro\/wp-content\/uploads\/2024\/03\/Planificare-interviu-concurs-consilier-juridic-26.03.2024.pdf\">Planificare proba interviu<\/a><\/p>\n<p>Data afi\u0219\u0103rii: 25.03.2024<\/p>\n<p><a href=\"https:\/\/new.bjc.ro\/wp-content\/uploads\/2024\/03\/Anunt-rezultate-proba-interviu-consilier-juridic-27.03.2024.pdf\">Rezultate proba interviu<\/a><\/p>\n<p>Data afi\u0219\u0103rii: 27.03.2024<\/p>\n<p><a href=\"https:\/\/new.bjc.ro\/wp-content\/uploads\/2024\/04\/Anunt-rezultate-finale-consilier-juridic-01_04_2024.pdf\">Rezultate finale<\/a><\/p>\n<p>Data afi\u0219\u0103rii: 1.04.2024<\/p>\n<p>&nbsp;<\/p>\n","protected":false},"excerpt":{"rendered":"<p>Biblioteca Jude\u021bean\u0103 \u201eOctavian Goga\u201d Cluj, institu\u021bie aflat\u0103 \u00een subordinea Consiliului Jude\u021bean Cluj, cu sediul \u00een municipiul Cluj-Napoca, str. Calea Doroban\u021bilor, nr. 104, organizeaz\u0103 \u00een conformitate cu H.G. nr. 1336\/2022, concurs pentru ocuparea unui post unic contractual vacant, dup\u0103 cum urmeaz\u0103: 1 post de Consilier juridic, studii superioare, gradul IA, norm\u0103&hellip; <br \/> <a class=\"read-more\" href=\"https:\/\/new.bjc.ro\/?page_id=8090\">Cite\u0219te mai mult<\/a><\/p>\n","protected":false},"author":2,"featured_media":0,"parent":0,"menu_order":0,"comment_status":"closed","ping_status":"closed","template":"","meta":{"_monsterinsights_skip_tracking":false,"_monsterinsights_sitenote_active":false,"_monsterinsights_sitenote_note":"","_monsterinsights_sitenote_category":0,"_EventAllDay":false,"_EventTimezone":"","_EventStartDate":"","_EventEndDate":"","_EventStartDateUTC":"","_EventEndDateUTC":"","_EventShowMap":false,"_EventShowMapLink":false,"_EventURL":"","_EventCost":"","_EventCostDescription":"","_EventCurrencySymbol":"","_EventCurrencyCode":"","_EventCurrencyPosition":"","_EventDateTimeSeparator":"","_EventTimeRangeSeparator":"","_EventOrganizerID":[],"_EventVenueID":[],"_OrganizerEmail":"","_OrganizerPhone":"","_OrganizerWebsite":"","_VenueAddress":"","_VenueCity":"","_VenueCountry":"","_VenueProvince":"","_VenueState":"","_VenueZip":"","_VenuePhone":"","_VenueURL":"","_VenueStateProvince":"","_VenueLat":"","_VenueLng":"","_VenueShowMap":false,"_VenueShowMapLink":false,"footnotes":""},"class_list":["post-8090","page","type-page","status-publish","hentry"],"yoast_head":"<!-- This site is optimized with the Yoast SEO plugin v24.6 - https:\/\/yoast.com\/wordpress\/plugins\/seo\/ -->\n<title>Concurs consilier juridic - Biblioteca Jude\u021bean\u0103 \u201eOctavian Goga\u201d Cluj<\/title>\n<meta name=\"description\" content=\"Concurs de angajare post vacant consilier juridic studii superioare, gradul IA, norm\u0103 \u00eentreag\u0103, durat\u0103 nedeterminat\u0103.\" \/>\n<meta name=\"robots\" content=\"index, follow, max-snippet:-1, max-image-preview:large, max-video-preview:-1\" \/>\n<link rel=\"canonical\" href=\"https:\/\/new.bjc.ro\/?page_id=8090\" \/>\n<meta property=\"og:locale\" content=\"ro_RO\" \/>\n<meta property=\"og:type\" content=\"article\" \/>\n<meta property=\"og:title\" content=\"Concurs consilier juridic - Biblioteca Jude\u021bean\u0103 \u201eOctavian Goga\u201d Cluj\" \/>\n<meta property=\"og:description\" content=\"Concurs de angajare post vacant consilier juridic studii superioare, gradul IA, norm\u0103 \u00eentreag\u0103, durat\u0103 nedeterminat\u0103.\" \/>\n<meta property=\"og:url\" content=\"https:\/\/new.bjc.ro\/?page_id=8090\" \/>\n<meta property=\"og:site_name\" content=\"Biblioteca Jude\u021bean\u0103 \u201eOctavian Goga\u201d Cluj\" \/>\n<meta property=\"article:publisher\" content=\"https:\/\/www.facebook.com\/bibliotecacluj\/\" \/>\n<meta property=\"article:modified_time\" content=\"2024-04-01T11:04:28+00:00\" \/>\n<meta property=\"og:image\" content=\"https:\/\/new.bjc.ro\/wp-content\/uploads\/2023\/01\/IMG_5597-1.jpg\" \/>\n\t<meta property=\"og:image:width\" content=\"2000\" \/>\n\t<meta property=\"og:image:height\" content=\"1333\" \/>\n\t<meta property=\"og:image:type\" content=\"image\/jpeg\" \/>\n<meta name=\"twitter:card\" content=\"summary_large_image\" \/>\n<meta name=\"twitter:site\" content=\"@BibliotecaGoga\" \/>\n<meta name=\"twitter:label1\" content=\"Timp estimat pentru citire\" \/>\n\t<meta name=\"twitter:data1\" content=\"2 minute\" \/>\n<script type=\"application\/ld+json\" class=\"yoast-schema-graph\">{\"@context\":\"https:\/\/schema.org\",\"@graph\":[{\"@type\":\"WebPage\",\"@id\":\"https:\/\/new.bjc.ro\/?page_id=8090\",\"url\":\"https:\/\/new.bjc.ro\/?page_id=8090\",\"name\":\"Concurs consilier juridic - Biblioteca Jude\u021bean\u0103 \u201eOctavian Goga\u201d Cluj\",\"isPartOf\":{\"@id\":\"https:\/\/new.bjc.ro\/#website\"},\"datePublished\":\"2023-10-06T09:58:20+00:00\",\"dateModified\":\"2024-04-01T11:04:28+00:00\",\"description\":\"Concurs de angajare post vacant consilier juridic studii superioare, gradul IA, norm\u0103 \u00eentreag\u0103, durat\u0103 nedeterminat\u0103.\",\"breadcrumb\":{\"@id\":\"https:\/\/new.bjc.ro\/?page_id=8090#breadcrumb\"},\"inLanguage\":\"ro-RO\",\"potentialAction\":[{\"@type\":\"ReadAction\",\"target\":[\"https:\/\/new.bjc.ro\/?page_id=8090\"]}]},{\"@type\":\"BreadcrumbList\",\"@id\":\"https:\/\/new.bjc.ro\/?page_id=8090#breadcrumb\",\"itemListElement\":[{\"@type\":\"ListItem\",\"position\":1,\"name\":\"Home\",\"item\":\"https:\/\/new.bjc.ro\/\"},{\"@type\":\"ListItem\",\"position\":2,\"name\":\"Concurs consilier juridic\"}]},{\"@type\":\"WebSite\",\"@id\":\"https:\/\/new.bjc.ro\/#website\",\"url\":\"https:\/\/new.bjc.ro\/\",\"name\":\"Biblioteca Jude\u021bean\u0103 \u201eOctavian Goga\u201d Cluj\",\"description\":\"\",\"publisher\":{\"@id\":\"https:\/\/new.bjc.ro\/#organization\"},\"alternateName\":\"Biblioteca Jude\u021bean\u0103 Cluj\",\"potentialAction\":[{\"@type\":\"SearchAction\",\"target\":{\"@type\":\"EntryPoint\",\"urlTemplate\":\"https:\/\/new.bjc.ro\/?s={search_term_string}\"},\"query-input\":{\"@type\":\"PropertyValueSpecification\",\"valueRequired\":true,\"valueName\":\"search_term_string\"}}],\"inLanguage\":\"ro-RO\"},{\"@type\":\"Organization\",\"@id\":\"https:\/\/new.bjc.ro\/#organization\",\"name\":\"Biblioteca Jude\u021bean\u0103 \u201eOctavian Goga\u201d Cluj\",\"url\":\"https:\/\/new.bjc.ro\/\",\"logo\":{\"@type\":\"ImageObject\",\"inLanguage\":\"ro-RO\",\"@id\":\"https:\/\/new.bjc.ro\/#\/schema\/logo\/image\/\",\"url\":\"https:\/\/new.bjc.ro\/wp-content\/uploads\/2023\/03\/sigle.jpg\",\"contentUrl\":\"https:\/\/new.bjc.ro\/wp-content\/uploads\/2023\/03\/sigle.jpg\",\"width\":630,\"height\":473,\"caption\":\"Biblioteca Jude\u021bean\u0103 \u201eOctavian Goga\u201d Cluj\"},\"image\":{\"@id\":\"https:\/\/new.bjc.ro\/#\/schema\/logo\/image\/\"},\"sameAs\":[\"https:\/\/www.facebook.com\/bibliotecacluj\/\",\"https:\/\/x.com\/BibliotecaGoga\",\"https:\/\/www.instagram.com\/biblioteca_judeteana_cluj\/\",\"https:\/\/www.youtube.com\/user\/BibliotecaGoga\"]}]}<\/script>\n<!-- \/ Yoast SEO plugin. -->","yoast_head_json":{"title":"Concurs consilier juridic - Biblioteca Jude\u021bean\u0103 \u201eOctavian Goga\u201d Cluj","description":"Concurs de angajare post vacant consilier juridic studii superioare, gradul IA, norm\u0103 \u00eentreag\u0103, durat\u0103 nedeterminat\u0103.","robots":{"index":"index","follow":"follow","max-snippet":"max-snippet:-1","max-image-preview":"max-image-preview:large","max-video-preview":"max-video-preview:-1"},"canonical":"https:\/\/new.bjc.ro\/?page_id=8090","og_locale":"ro_RO","og_type":"article","og_title":"Concurs consilier juridic - Biblioteca Jude\u021bean\u0103 \u201eOctavian Goga\u201d Cluj","og_description":"Concurs de angajare post vacant consilier juridic studii superioare, gradul IA, norm\u0103 \u00eentreag\u0103, durat\u0103 nedeterminat\u0103.","og_url":"https:\/\/new.bjc.ro\/?page_id=8090","og_site_name":"Biblioteca Jude\u021bean\u0103 \u201eOctavian Goga\u201d Cluj","article_publisher":"https:\/\/www.facebook.com\/bibliotecacluj\/","article_modified_time":"2024-04-01T11:04:28+00:00","og_image":[{"width":2000,"height":1333,"url":"https:\/\/new.bjc.ro\/wp-content\/uploads\/2023\/01\/IMG_5597-1.jpg","type":"image\/jpeg"}],"twitter_card":"summary_large_image","twitter_site":"@BibliotecaGoga","twitter_misc":{"Timp estimat pentru citire":"2 minute"},"schema":{"@context":"https:\/\/schema.org","@graph":[{"@type":"WebPage","@id":"https:\/\/new.bjc.ro\/?page_id=8090","url":"https:\/\/new.bjc.ro\/?page_id=8090","name":"Concurs consilier juridic - Biblioteca Jude\u021bean\u0103 \u201eOctavian Goga\u201d Cluj","isPartOf":{"@id":"https:\/\/new.bjc.ro\/#website"},"datePublished":"2023-10-06T09:58:20+00:00","dateModified":"2024-04-01T11:04:28+00:00","description":"Concurs de angajare post vacant consilier juridic studii superioare, gradul IA, norm\u0103 \u00eentreag\u0103, durat\u0103 nedeterminat\u0103.","breadcrumb":{"@id":"https:\/\/new.bjc.ro\/?page_id=8090#breadcrumb"},"inLanguage":"ro-RO","potentialAction":[{"@type":"ReadAction","target":["https:\/\/new.bjc.ro\/?page_id=8090"]}]},{"@type":"BreadcrumbList","@id":"https:\/\/new.bjc.ro\/?page_id=8090#breadcrumb","itemListElement":[{"@type":"ListItem","position":1,"name":"Home","item":"https:\/\/new.bjc.ro\/"},{"@type":"ListItem","position":2,"name":"Concurs consilier juridic"}]},{"@type":"WebSite","@id":"https:\/\/new.bjc.ro\/#website","url":"https:\/\/new.bjc.ro\/","name":"Biblioteca Jude\u021bean\u0103 \u201eOctavian Goga\u201d Cluj","description":"","publisher":{"@id":"https:\/\/new.bjc.ro\/#organization"},"alternateName":"Biblioteca Jude\u021bean\u0103 Cluj","potentialAction":[{"@type":"SearchAction","target":{"@type":"EntryPoint","urlTemplate":"https:\/\/new.bjc.ro\/?s={search_term_string}"},"query-input":{"@type":"PropertyValueSpecification","valueRequired":true,"valueName":"search_term_string"}}],"inLanguage":"ro-RO"},{"@type":"Organization","@id":"https:\/\/new.bjc.ro\/#organization","name":"Biblioteca Jude\u021bean\u0103 \u201eOctavian Goga\u201d Cluj","url":"https:\/\/new.bjc.ro\/","logo":{"@type":"ImageObject","inLanguage":"ro-RO","@id":"https:\/\/new.bjc.ro\/#\/schema\/logo\/image\/","url":"https:\/\/new.bjc.ro\/wp-content\/uploads\/2023\/03\/sigle.jpg","contentUrl":"https:\/\/new.bjc.ro\/wp-content\/uploads\/2023\/03\/sigle.jpg","width":630,"height":473,"caption":"Biblioteca Jude\u021bean\u0103 \u201eOctavian Goga\u201d Cluj"},"image":{"@id":"https:\/\/new.bjc.ro\/#\/schema\/logo\/image\/"},"sameAs":["https:\/\/www.facebook.com\/bibliotecacluj\/","https:\/\/x.com\/BibliotecaGoga","https:\/\/www.instagram.com\/biblioteca_judeteana_cluj\/","https:\/\/www.youtube.com\/user\/BibliotecaGoga"]}]}},"_links":{"self":[{"href":"https:\/\/new.bjc.ro\/index.php?rest_route=\/wp\/v2\/pages\/8090","targetHints":{"allow":["GET"]}}],"collection":[{"href":"https:\/\/new.bjc.ro\/index.php?rest_route=\/wp\/v2\/pages"}],"about":[{"href":"https:\/\/new.bjc.ro\/index.php?rest_route=\/wp\/v2\/types\/page"}],"author":[{"embeddable":true,"href":"https:\/\/new.bjc.ro\/index.php?rest_route=\/wp\/v2\/users\/2"}],"replies":[{"embeddable":true,"href":"https:\/\/new.bjc.ro\/index.php?rest_route=%2Fwp%2Fv2%2Fcomments&post=8090"}],"version-history":[{"count":29,"href":"https:\/\/new.bjc.ro\/index.php?rest_route=\/wp\/v2\/pages\/8090\/revisions"}],"predecessor-version":[{"id":8845,"href":"https:\/\/new.bjc.ro\/index.php?rest_route=\/wp\/v2\/pages\/8090\/revisions\/8845"}],"wp:attachment":[{"href":"https:\/\/new.bjc.ro\/index.php?rest_route=%2Fwp%2Fv2%2Fmedia&parent=8090"}],"curies":[{"name":"wp","href":"https:\/\/api.w.org\/{rel}","templated":true}]}}